CRAN Package Check Results for Package lacrmr

Last updated on 2022-10-06 12:55:28 CEST.

Flavor Version Tinstall Tcheck Ttotal Status Flags
r-devel-linux-x86_64-debian-clang 1.0.5 4.65 55.75 60.40 OK
r-devel-linux-x86_64-debian-gcc 1.0.5 4.07 41.30 45.37 OK
r-devel-linux-x86_64-fedora-clang 1.0.5 85.25 NOTE
r-devel-linux-x86_64-fedora-gcc 1.0.5 83.69 NOTE
r-devel-windows-x86_64 1.0.5 15.00 84.00 99.00 OK
r-patched-linux-x86_64 1.0.5 3.31 51.18 54.49 OK
r-release-linux-x86_64 1.0.5 4.67 50.48 55.15 OK
r-release-macos-arm64 1.0.5 30.00 NOTE
r-release-macos-x86_64 1.0.5 37.00 NOTE
r-release-windows-x86_64 1.0.5 13.00 88.00 101.00 OK
r-oldrel-macos-arm64 1.0.5 28.00 NOTE
r-oldrel-macos-x86_64 1.0.5 37.00 NOTE
r-oldrel-windows-ix86+x86_64 1.0.5 14.00 74.00 88.00 OK

Check Details

Version: 1.0.5
Check: dependencies in R code
Result: NOTE
    Namespace in Imports field not imported from: ‘stringr’
     All declared Imports should be used.
Flavors: r-devel-linux-x86_64-fedora-clang, r-devel-linux-x86_64-fedora-gcc, r-release-macos-arm64, r-release-macos-x86_64, r-oldrel-macos-arm64, r-oldrel-macos-x86_64