CRAN Package Check Results for Package l0ara

Last updated on 2022-10-04 07:49:50 CEST.

Flavor Version Tinstall Tcheck Ttotal Status Flags
r-devel-linux-x86_64-debian-clang 0.1.6 35.62 31.32 66.94 NOTE
r-devel-linux-x86_64-debian-gcc 0.1.6 29.26 24.43 53.69 NOTE
r-devel-linux-x86_64-fedora-clang 0.1.6 103.97 NOTE
r-devel-linux-x86_64-fedora-gcc 0.1.6 94.18 NOTE
r-devel-windows-x86_64 0.1.6 34.00 78.00 112.00 NOTE
r-patched-linux-x86_64 0.1.6 32.61 28.90 61.51 NOTE
r-release-linux-x86_64 0.1.6 31.84 28.53 60.37 NOTE
r-release-macos-arm64 0.1.6 28.00 NOTE
r-release-macos-x86_64 0.1.6 36.00 NOTE
r-release-windows-x86_64 0.1.6 37.00 76.00 113.00 NOTE
r-oldrel-macos-arm64 0.1.6 29.00 NOTE
r-oldrel-macos-x86_64 0.1.6 51.00 NOTE
r-oldrel-windows-ix86+x86_64 0.1.6 86.00 79.00 165.00 NOTE

Check Details

Version: 0.1.6
Check: LazyData
Result: NOTE
     'LazyData' is specified without a 'data' directory
Flavors: r-devel-linux-x86_64-debian-clang, r-devel-linux-x86_64-debian-gcc, r-devel-linux-x86_64-fedora-clang, r-devel-linux-x86_64-fedora-gcc, r-devel-windows-x86_64, r-patched-linux-x86_64, r-release-linux-x86_64, r-release-macos-arm64, r-release-macos-x86_64, r-release-windows-x86_64, r-oldrel-macos-arm64, r-oldrel-macos-x86_64, r-oldrel-windows-ix86+x86_64