CRAN Package Check Results for Package kutils

Last updated on 2022-09-26 06:51:14 CEST.

Flavor Version Tinstall Tcheck Ttotal Status Flags
r-devel-linux-x86_64-debian-clang 1.70 4.58 72.87 77.45 NOTE
r-devel-linux-x86_64-debian-gcc 1.70 5.50 55.13 60.63 NOTE
r-devel-linux-x86_64-fedora-clang 1.70 109.73 NOTE
r-devel-linux-x86_64-fedora-gcc 1.70 106.26 NOTE
r-devel-windows-x86_64 1.70 19.00 132.00 151.00 NOTE
r-patched-linux-x86_64 1.70 9.10 67.77 76.87 OK
r-release-linux-x86_64 1.70 7.29 68.68 75.97 OK
r-release-macos-arm64 1.70 34.00 NOTE
r-release-macos-x86_64 1.70 49.00 NOTE
r-release-windows-x86_64 1.70 44.00 128.00 172.00 OK
r-oldrel-macos-arm64 1.70 40.00 NOTE
r-oldrel-macos-x86_64 1.70 65.00 NOTE
r-oldrel-windows-ix86+x86_64 1.70 14.00 103.00 117.00 OK

Check Details

Version: 1.70
Check: Rd files
Result: NOTE
    checkRd: (-1) alphaOnly.Rd:25: Escaped LaTeX specials: \^
    checkRd: (-1) alphaOnly.Rd:26: Escaped LaTeX specials: \$
    checkRd: (-1) escape.Rd:28: Escaped LaTeX specials: \$
    checkRd: (-1) natlongsurv.Rd:28: Escaped LaTeX specials: \$
Flavors: r-devel-linux-x86_64-debian-clang, r-devel-linux-x86_64-debian-gcc, r-devel-linux-x86_64-fedora-clang, r-devel-linux-x86_64-fedora-gcc, r-devel-windows-x86_64

Version: 1.70
Check: dependencies in R code
Result: NOTE
    Namespace in Imports field not imported from: ‘RUnit’
     All declared Imports should be used.
Flavors: r-devel-linux-x86_64-fedora-clang, r-devel-linux-x86_64-fedora-gcc, r-release-macos-arm64, r-release-macos-x86_64, r-oldrel-macos-arm64, r-oldrel-macos-x86_64