CRAN Package Check Results for Package konfound

Last updated on 2021-10-22 13:57:13 CEST.

Flavor Version Tinstall Tcheck Ttotal Status Flags
r-devel-linux-x86_64-debian-clang 0.4.0 8.44 80.86 89.30 OK
r-devel-linux-x86_64-debian-gcc 0.4.0 5.62 62.97 68.59 OK
r-devel-linux-x86_64-fedora-clang 0.4.0 116.13 NOTE
r-devel-linux-x86_64-fedora-gcc 0.4.0 104.49 NOTE
r-devel-windows-x86_64 0.4.0 12.00 108.00 120.00 OK
r-devel-windows-x86_64-gcc10-UCRT 0.4.0 NOTE
r-patched-linux-x86_64 0.4.0 7.81 76.94 84.75 OK
r-patched-solaris-x86 0.4.0 139.90 NOTE
r-release-linux-x86_64 0.4.0 7.30 75.22 82.52 OK
r-release-macos-arm64 0.4.0 NOTE
r-release-macos-x86_64 0.4.0 NOTE
r-release-windows-ix86+x86_64 0.4.0 15.00 100.00 115.00 OK
r-oldrel-macos-x86_64 0.4.0 NOTE
r-oldrel-windows-ix86+x86_64 0.4.0 16.00 111.00 127.00 OK

Check Details

Version: 0.4.0
Check: dependencies in R code
Result: NOTE
    Namespaces in Imports field not imported from:
     ‘mice’ ‘tibble’
     All declared Imports should be used.
Flavors: r-devel-linux-x86_64-fedora-clang, r-devel-linux-x86_64-fedora-gcc, r-devel-windows-x86_64-gcc10-UCRT, r-patched-solaris-x86, r-release-macos-arm64, r-release-macos-x86_64, r-oldrel-macos-x86_64