CRAN Package Check Results for Package kofdata

Last updated on 2021-08-04 13:53:03 CEST.

Flavor Version Tinstall Tcheck Ttotal Status Flags
r-devel-linux-x86_64-debian-clang 0.1.5 2.86 32.66 35.52 NOTE
r-devel-linux-x86_64-debian-gcc 0.1.5 2.15 24.91 27.06 NOTE
r-devel-linux-x86_64-fedora-clang 0.1.5 50.17 NOTE
r-devel-linux-x86_64-fedora-gcc 0.1.5 39.98 NOTE
r-devel-windows-x86_64 0.1.5 3.00 54.00 57.00 NOTE
r-devel-windows-x86_64-gcc10-UCRT 0.1.5 NOTE
r-patched-linux-x86_64 0.1.5 2.59 30.47 33.06 NOTE
r-patched-solaris-x86 0.1.5 62.60 NOTE
r-release-linux-x86_64 0.1.5 2.61 30.96 33.57 NOTE
r-release-macos-arm64 0.1.5 NOTE
r-release-macos-x86_64 0.1.5 NOTE
r-release-windows-ix86+x86_64 0.1.5 6.00 42.00 48.00 NOTE
r-oldrel-macos-x86_64 0.1.5 OK
r-oldrel-windows-ix86+x86_64 0.1.5 5.00 54.00 59.00 OK

Check Details

Version: 0.1.5
Check: LazyData
Result: NOTE
     'LazyData' is specified without a 'data' directory
Flavors: r-devel-linux-x86_64-debian-clang, r-devel-linux-x86_64-debian-gcc, r-devel-linux-x86_64-fedora-clang, r-devel-linux-x86_64-fedora-gcc, r-devel-windows-x86_64, r-devel-windows-x86_64-gcc10-UCRT, r-patched-linux-x86_64, r-patched-solaris-x86, r-release-linux-x86_64, r-release-macos-arm64, r-release-windows-ix86+x86_64

Version: 0.1.5
Check: LazyData
Result: NOTE
     'LazyData' is specified without a 'data' directory
    * checking examples ...* using check arguments '--no-clean-on-error '
Flavor: r-release-macos-x86_64