CRAN Package Check Results for Package koRpus

Last updated on 2024-06-14 12:57:42 CEST.

Flavor Version Tinstall Tcheck Ttotal Status Flags
r-devel-linux-x86_64-debian-clang 0.13-8 26.17 200.64 226.81 NOTE
r-devel-linux-x86_64-debian-gcc 0.13-8 19.28 142.67 161.95 NOTE
r-devel-linux-x86_64-fedora-clang 0.13-8 275.13 NOTE
r-devel-linux-x86_64-fedora-gcc 0.13-8 271.63 NOTE
r-devel-windows-x86_64 0.13-8 21.00 178.00 199.00 NOTE
r-patched-linux-x86_64 0.13-8 24.53 188.40 212.93 NOTE
r-release-linux-x86_64 0.13-8 23.55 186.07 209.62 NOTE
r-release-macos-arm64 0.13-8 68.00 NOTE
r-release-macos-x86_64 0.13-8 114.00 NOTE
r-release-windows-x86_64 0.13-8 22.00 179.00 201.00 NOTE
r-oldrel-macos-arm64 0.13-8 77.00 NOTE
r-oldrel-macos-x86_64 0.13-8 134.00 NOTE
r-oldrel-windows-x86_64 0.13-8 30.00 211.00 241.00 NOTE

Check Details

Version: 0.13-8
Check: package dependencies
Result: NOTE Packages suggested but not available for checking: 'koRpus.lang.de', 'koRpus.lang.es', 'koRpus.lang.fr', 'koRpus.lang.it', 'koRpus.lang.nl', 'koRpus.lang.pt', 'koRpus.lang.ru' Package which this enhances but not available for checking: ‘rkward’ Flavors: r-devel-linux-x86_64-debian-clang, r-devel-linux-x86_64-debian-gcc, r-devel-linux-x86_64-fedora-clang, r-devel-linux-x86_64-fedora-gcc, r-devel-windows-x86_64, r-patched-linux-x86_64, r-release-linux-x86_64, r-release-macos-arm64, r-release-macos-x86_64, r-release-windows-x86_64, r-oldrel-macos-arm64, r-oldrel-macos-x86_64, r-oldrel-windows-x86_64

Version: 0.13-8
Check: Rd files
Result: NOTE checkRd: (-1) kRp.text-class.Rd:42: Lost braces in \itemize; meant \describe ? checkRd: (-1) kRp.text-class.Rd:43: Lost braces in \itemize; meant \describe ? checkRd: (-1) kRp.text-class.Rd:44: Lost braces in \itemize; meant \describe ? checkRd: (-1) kRp.text-class.Rd:45: Lost braces in \itemize; meant \describe ? checkRd: (-1) kRp.text-class.Rd:46-48: Lost braces in \itemize; meant \describe ? checkRd: (-1) kRp.text-class.Rd:49: Lost braces in \itemize; meant \describe ? checkRd: (-1) kRp.text-class.Rd:50-51: Lost braces in \itemize; meant \describe ? checkRd: (-1) kRp.text_get-methods.Rd:276: Lost braces in \itemize; meant \describe ? checkRd: (-1) kRp.text_get-methods.Rd:277: Lost braces in \itemize; meant \describe ? checkRd: (-1) kRp.text_get-methods.Rd:278: Lost braces in \itemize; meant \describe ? checkRd: (-1) kRp.text_get-methods.Rd:279: Lost braces in \itemize; meant \describe ? checkRd: (-1) kRp.text_get-methods.Rd:280: Lost braces in \itemize; meant \describe ? checkRd: (-1) kRp.text_get-methods.Rd:281-282: Lost braces in \itemize; meant \describe ? checkRd: (-1) kRp.text_get-methods.Rd:283-284: Lost braces in \itemize; meant \describe ? checkRd: (-1) kRp.text_get-methods.Rd:283: Lost braces 283 | \item{\code{hasFeature()} }{returns \code{TRUE} or code{FALSE}, | ^ checkRd: (-1) kRp.text_get-methods.Rd:285: Lost braces in \itemize; meant \describe ? checkRd: (-1) kRp.text_get-methods.Rd:286-287: Lost braces in \itemize; meant \describe ? checkRd: (-1) kRp.text_get-methods.Rd:288-289: Lost braces in \itemize; meant \describe ? checkRd: (-1) kRp.text_get-methods.Rd:290-291: Lost braces in \itemize; meant \describe ? checkRd: (-1) kRp.text_get-methods.Rd:292-293: Lost braces in \itemize; meant \describe ? checkRd: (-1) kRp.text_get-methods.Rd:294-295: Lost braces in \itemize; meant \describe ? checkRd: (-1) kRp.text_get-methods.Rd:296: Lost braces in \itemize; meant \describe ? checkRd: (-1) kRp.text_get-methods.Rd:297-298: Lost braces in \itemize; meant \describe ? checkRd: (-1) kRp.text_get-methods.Rd:299-301: Lost braces in \itemize; meant \describe ? checkRd: (-1) kRp.text_get-methods.Rd:302: Lost braces in \itemize; meant \describe ? checkRd: (-1) lex.div.num.Rd:34: Lost braces 34 | \item \code{"TTR"}{The classic \emph{Type-Token Ratio}} | ^ checkRd: (-1) lex.div.num.Rd:35: Lost braces in \itemize; meant \describe ? checkRd: (-1) lex.div.num.Rd:36: Lost braces in \itemize; meant \describe ? checkRd: (-1) lex.div.num.Rd:37: Lost braces in \itemize; meant \describe ? checkRd: (-1) lex.div.num.Rd:38: Lost braces in \itemize; meant \describe ? checkRd: (-1) lex.div.num.Rd:39: Lost braces in \itemize; meant \describe ? checkRd: (-1) lex.div.num.Rd:40: Lost braces in \itemize; meant \describe ? checkRd: (-1) textTransform-methods.Rd:31: Lost braces in \itemize; meant \describe ? checkRd: (-1) textTransform-methods.Rd:32: Lost braces in \itemize; meant \describe ? checkRd: (-1) textTransform-methods.Rd:33: Lost braces in \itemize; meant \describe ? checkRd: (-1) textTransform-methods.Rd:34: Lost braces in \itemize; meant \describe ? checkRd: (-1) textTransform-methods.Rd:35: Lost braces in \itemize; meant \describe ? checkRd: (-1) textTransform-methods.Rd:36-38: Lost braces in \itemize; meant \describe ? checkRd: (-1) textTransform-methods.Rd:39: Lost braces in \itemize; meant \describe ? checkRd: (-1) textTransform-methods.Rd:40-41: Lost braces in \itemize; meant \describe ? checkRd: (-1) textTransform-methods.Rd:42: Lost braces in \itemize; meant \describe ? checkRd: (-1) textTransform-methods.Rd:43: Lost braces in \itemize; meant \describe ? checkRd: (-1) textTransform-methods.Rd:61: Lost braces in \itemize; meant \describe ? checkRd: (-1) textTransform-methods.Rd:62: Lost braces in \itemize; meant \describe ? checkRd: (-1) textTransform-methods.Rd:63: Lost braces in \itemize; meant \describe ? checkRd: (-1) textTransform-methods.Rd:64: Lost braces in \itemize; meant \describe ? checkRd: (-1) textTransform-methods.Rd:109: Lost braces in \itemize; meant \describe ? checkRd: (-1) textTransform-methods.Rd:110-111: Lost braces in \itemize; meant \describe ? checkRd: (-1) tokenize-methods.Rd:94: Lost braces in \itemize; meant \describe ? checkRd: (-1) tokenize-methods.Rd:95-96: Lost braces in \itemize; meant \describe ? checkRd: (-1) tokenize-methods.Rd:97: Lost braces in \itemize; meant \describe ? checkRd: (-1) treetag-methods.Rd:99-100: Lost braces in \itemize; meant \describe ? checkRd: (-1) treetag-methods.Rd:101-107: Lost braces in \itemize; meant \describe ? checkRd: (-1) treetag-methods.Rd:108-109: Lost braces in \itemize; meant \describe ? checkRd: (-1) treetag-methods.Rd:110-113: Lost braces in \itemize; meant \describe ? checkRd: (-1) treetag-methods.Rd:114-116: Lost braces in \itemize; meant \describe ? checkRd: (-1) treetag-methods.Rd:117-118: Lost braces in \itemize; meant \describe ? checkRd: (-1) treetag-methods.Rd:119-120: Lost braces in \itemize; meant \describe ? checkRd: (-1) treetag-methods.Rd:121-122: Lost braces in \itemize; meant \describe ? checkRd: (-1) treetag-methods.Rd:123-124: Lost braces in \itemize; meant \describe ? checkRd: (-1) treetag-methods.Rd:125-126: Lost braces in \itemize; meant \describe ? checkRd: (-1) treetag-methods.Rd:127-128: Lost braces in \itemize; meant \describe ? checkRd: (-1) treetag-methods.Rd:129-130: Lost braces in \itemize; meant \describe ? checkRd: (-1) treetag-methods.Rd:131-132: Lost braces in \itemize; meant \describe ? checkRd: (-1) treetag-methods.Rd:133: Lost braces in \itemize; meant \describe ? Flavors: r-devel-linux-x86_64-debian-clang, r-devel-linux-x86_64-debian-gcc, r-devel-linux-x86_64-fedora-clang, r-devel-linux-x86_64-fedora-gcc, r-devel-windows-x86_64, r-patched-linux-x86_64, r-release-linux-x86_64, r-release-macos-arm64, r-release-macos-x86_64, r-release-windows-x86_64