CRAN Package Check Results for Package kntnr

Last updated on 2021-07-23 19:50:06 CEST.

Flavor Version Tinstall Tcheck Ttotal Status Flags
r-devel-linux-x86_64-debian-clang 0.4.4 4.12 48.68 52.80 NOTE
r-devel-linux-x86_64-debian-gcc 0.4.4 3.18 36.64 39.82 NOTE
r-devel-linux-x86_64-fedora-clang 0.4.4 73.25 NOTE
r-devel-linux-x86_64-fedora-gcc 0.4.4 59.68 NOTE
r-devel-windows-x86_64 0.4.4 6.00 52.00 58.00 NOTE
r-devel-windows-x86_64-gcc10-UCRT 0.4.4 NOTE
r-patched-linux-x86_64 0.4.4 4.37 45.63 50.00 NOTE
r-patched-solaris-x86 0.4.4 85.10 NOTE
r-release-linux-x86_64 0.4.4 4.10 44.94 49.04 NOTE
r-release-macos-arm64 0.4.4 NOTE
r-release-macos-x86_64 0.4.4 NOTE
r-release-windows-ix86+x86_64 0.4.4 11.00 52.00 63.00 NOTE
r-oldrel-macos-x86_64 0.4.4 OK
r-oldrel-windows-ix86+x86_64 0.4.4 12.00 62.00 74.00 OK

Check Details

Version: 0.4.4
Check: LazyData
Result: NOTE
     'LazyData' is specified without a 'data' directory
Flavors: r-devel-linux-x86_64-debian-clang, r-devel-linux-x86_64-debian-gcc, r-devel-linux-x86_64-fedora-clang, r-devel-linux-x86_64-fedora-gcc, r-devel-windows-x86_64, r-devel-windows-x86_64-gcc10-UCRT, r-patched-linux-x86_64, r-patched-solaris-x86, r-release-linux-x86_64, r-release-macos-arm64, r-release-macos-x86_64, r-release-windows-ix86+x86_64