CRAN Package Check Results for Package knitrProgressBar

Last updated on 2022-10-05 12:56:53 CEST.

Flavor Version Tinstall Tcheck Ttotal Status Flags
r-devel-linux-x86_64-debian-clang 1.1.0 5.51 31.48 36.99 NOTE
r-devel-linux-x86_64-debian-gcc 1.1.0 3.50 24.95 28.45 NOTE
r-devel-linux-x86_64-fedora-clang 1.1.0 56.76 NOTE
r-devel-linux-x86_64-fedora-gcc 1.1.0 53.40 NOTE
r-devel-windows-x86_64 1.1.0 28.00 74.00 102.00 NOTE
r-patched-linux-x86_64 1.1.0 3.77 30.60 34.37 NOTE
r-release-linux-x86_64 1.1.0 3.57 30.49 34.06 NOTE
r-release-macos-arm64 1.1.0 25.00 NOTE
r-release-macos-x86_64 1.1.0 34.00 NOTE
r-release-windows-x86_64 1.1.0 36.00 72.00 108.00 NOTE
r-oldrel-macos-arm64 1.1.0 30.00 NOTE
r-oldrel-macos-x86_64 1.1.0 38.00 NOTE
r-oldrel-windows-ix86+x86_64 1.1.0 9.00 62.00 71.00 NOTE

Check Details

Version: 1.1.0
Check: LazyData
Result: NOTE
     'LazyData' is specified without a 'data' directory
Flavors: r-devel-linux-x86_64-debian-clang, r-devel-linux-x86_64-debian-gcc, r-devel-linux-x86_64-fedora-clang, r-devel-linux-x86_64-fedora-gcc, r-devel-windows-x86_64, r-patched-linux-x86_64, r-release-linux-x86_64, r-release-macos-arm64, r-release-macos-x86_64, r-release-windows-x86_64, r-oldrel-macos-arm64, r-oldrel-macos-x86_64, r-oldrel-windows-ix86+x86_64

Version: 1.1.0
Check: for non-standard things in the check directory
Result: NOTE
    Found the following files/directories:
     'Killed after '
Flavors: r-devel-linux-x86_64-debian-clang, r-devel-linux-x86_64-debian-gcc, r-devel-linux-x86_64-fedora-clang, r-devel-linux-x86_64-fedora-gcc, r-patched-linux-x86_64, r-release-linux-x86_64