CRAN Package Check Results for Package kml3d

Last updated on 2021-08-01 07:51:51 CEST.

Flavor Version Tinstall Tcheck Ttotal Status Flags
r-devel-linux-x86_64-debian-clang 2.4.2 8.81 62.38 71.19 NOTE
r-devel-linux-x86_64-debian-gcc 2.4.2 6.77 49.84 56.61 NOTE
r-devel-linux-x86_64-fedora-clang 2.4.2 97.22 NOTE
r-devel-linux-x86_64-fedora-gcc 2.4.2 86.23 NOTE
r-devel-windows-x86_64 2.4.2 13.00 83.00 96.00 OK
r-devel-windows-x86_64-gcc10-UCRT 2.4.2 OK
r-patched-linux-x86_64 2.4.2 NOTE
r-patched-solaris-x86 2.4.2 120.60 NOTE
r-release-linux-x86_64 2.4.2 8.40 59.94 68.34 NOTE
r-release-macos-arm64 2.4.2 OK
r-release-macos-x86_64 2.4.2 OK
r-release-windows-ix86+x86_64 2.4.2 18.00 59.00 77.00 OK
r-oldrel-macos-x86_64 2.4.2 OK
r-oldrel-windows-ix86+x86_64 2.4.2 28.00 93.00 121.00 OK

Check Details

Version: 2.4.2
Check: for non-standard things in the check directory
Result: NOTE
    Found the following files/directories:
     'cld1.Rdata' 'main.tex' 'myCld.Rdata' 'myCld3d.Rdata' 'scene.asy'
Flavors: r-devel-linux-x86_64-debian-clang, r-devel-linux-x86_64-debian-gcc, r-devel-linux-x86_64-fedora-clang, r-devel-linux-x86_64-fedora-gcc, r-patched-linux-x86_64, r-patched-solaris-x86, r-release-linux-x86_64