Last updated on 2023-03-30 12:55:12 CEST.
Flavor | Version | Tinstall | Tcheck | Ttotal | Status | Flags |
---|---|---|---|---|---|---|
r-devel-linux-x86_64-debian-clang | 2.4.6 | 8.87 | 66.36 | 75.23 | OK | |
r-devel-linux-x86_64-debian-gcc | 2.4.6 | 7.70 | 50.97 | 58.67 | OK | |
r-devel-linux-x86_64-fedora-clang | 2.4.6 | 94.61 | OK | |||
r-devel-linux-x86_64-fedora-gcc | 2.4.6 | 91.24 | OK | |||
r-devel-windows-x86_64 | 2.4.6 | 29.00 | 0.00 | 29.00 | OK | |
r-patched-linux-x86_64 | 2.4.6 | 16.61 | 63.13 | 79.74 | OK | |
r-release-linux-x86_64 | 2.4.6 | 6.78 | 65.95 | 72.73 | OK | |
r-release-macos-arm64 | 2.4.6 | 37.00 | OK | |||
r-release-macos-x86_64 | 2.4.6 | 52.00 | OK | |||
r-release-windows-x86_64 | 2.4.6 | 16.00 | 99.00 | 115.00 | OK | |
r-oldrel-macos-arm64 | 2.4.6 | 41.00 | OK | |||
r-oldrel-macos-x86_64 | 2.4.6 | 55.00 | OK | |||
r-oldrel-windows-ix86+x86_64 | 2.4.6 | 11.00 | 19.00 | 30.00 | ERROR |
Version: 2.4.6
Check: whether package can be installed
Result: ERROR
Installation failed.
Flavor: r-oldrel-windows-ix86+x86_64