CRAN Package Check Results for Package kibior

Last updated on 2021-08-03 13:53:15 CEST.

Flavor Version Tinstall Tcheck Ttotal Status Flags
r-devel-linux-x86_64-debian-clang 0.1.1 12.00 75.37 87.37 NOTE
r-devel-linux-x86_64-debian-gcc 0.1.1 9.42 56.59 66.01 NOTE
r-devel-linux-x86_64-fedora-clang 0.1.1 110.32 NOTE
r-devel-linux-x86_64-fedora-gcc 0.1.1 100.45 NOTE
r-devel-windows-x86_64 0.1.1 39.00 101.00 140.00 NOTE
r-devel-windows-x86_64-gcc10-UCRT 0.1.1 NOTE
r-patched-linux-x86_64 0.1.1 16.75 70.85 87.60 NOTE
r-patched-solaris-x86 0.1.1 142.20 NOTE
r-release-linux-x86_64 0.1.1 8.95 71.36 80.31 NOTE
r-release-macos-arm64 0.1.1 ERROR
r-release-macos-x86_64 0.1.1 NOTE
r-release-windows-ix86+x86_64 0.1.1 23.00 106.00 129.00 NOTE
r-oldrel-macos-x86_64 0.1.1 NOTE
r-oldrel-windows-ix86+x86_64 0.1.1 18.00 96.00 114.00 OK

Check Details

Version: 0.1.1
Check: LazyData
Result: NOTE
     'LazyData' is specified without a 'data' directory
Flavors: r-devel-linux-x86_64-debian-clang, r-devel-linux-x86_64-debian-gcc, r-devel-linux-x86_64-fedora-clang, r-devel-linux-x86_64-fedora-gcc, r-devel-windows-x86_64, r-devel-windows-x86_64-gcc10-UCRT, r-patched-linux-x86_64, r-patched-solaris-x86, r-release-linux-x86_64, r-release-macos-x86_64, r-release-windows-ix86+x86_64

Version: 0.1.1
Check: dependencies in R code
Result: NOTE
    Namespaces in Imports field not imported from:
     ‘Biostrings’ ‘Rsamtools’ ‘rtracklayer’
     All declared Imports should be used.
Flavors: r-devel-linux-x86_64-fedora-clang, r-devel-linux-x86_64-fedora-gcc, r-devel-windows-x86_64-gcc10-UCRT, r-patched-solaris-x86, r-release-macos-x86_64, r-oldrel-macos-x86_64

Version: 0.1.1
Check: installed package size
Result: NOTE
     installed size is 5.4Mb
     sub-directories of 1Mb or more:
     doc 3.2Mb
     extdata 1.4Mb
Flavor: r-patched-solaris-x86

Version: 0.1.1
Check: package dependencies
Result: ERROR
    Packages required but not available: 'Rsamtools', 'rtracklayer'
    
    See section ‘The DESCRIPTION file’ in the ‘Writing R Extensions’
    manual.
Flavor: r-release-macos-arm64