CRAN Package Check Results for Package kgschart

Last updated on 2021-06-24 01:50:24 CEST.

Flavor Version Tinstall Tcheck Ttotal Status Flags
r-devel-linux-x86_64-debian-clang 1.3.5 2.95 41.20 44.15 NOTE
r-devel-linux-x86_64-debian-gcc 1.3.5 2.30 32.12 34.42 NOTE
r-devel-linux-x86_64-fedora-clang 1.3.5 62.62 NOTE
r-devel-linux-x86_64-fedora-gcc 1.3.5 52.50 NOTE
r-devel-windows-x86_64 1.3.5 6.00 51.00 57.00 NOTE
r-devel-windows-x86_64-gcc10-UCRT 1.3.5 NOTE
r-patched-linux-x86_64 1.3.5 3.19 40.44 43.63 NOTE
r-patched-solaris-x86 1.3.5 98.50 NOTE
r-release-linux-x86_64 1.3.5 2.92 40.29 43.21 NOTE
r-release-macos-arm64 1.3.5 NOTE
r-release-macos-x86_64 1.3.5 NOTE
r-release-windows-ix86+x86_64 1.3.5 5.00 50.00 55.00 NOTE
r-oldrel-macos-x86_64 1.3.5 OK

Check Details

Version: 1.3.5
Check: LazyData
Result: NOTE
     'LazyData' is specified without a 'data' directory
Flavors: r-devel-linux-x86_64-debian-clang, r-devel-linux-x86_64-debian-gcc, r-devel-linux-x86_64-fedora-clang, r-devel-linux-x86_64-fedora-gcc, r-devel-windows-x86_64, r-devel-windows-x86_64-gcc10-UCRT, r-patched-linux-x86_64, r-patched-solaris-x86, r-release-linux-x86_64, r-release-macos-arm64, r-release-macos-x86_64, r-release-windows-ix86+x86_64