CRAN Package Check Results for Package kgrams

Last updated on 2024-02-29 00:55:43 CET.

Flavor Version Tinstall Tcheck Ttotal Status Flags
r-devel-linux-x86_64-debian-clang 0.2.0 125.48 147.42 272.90 OK
r-devel-linux-x86_64-debian-gcc 0.2.0 110.58 112.87 223.45 OK
r-devel-linux-x86_64-fedora-clang 0.2.0 346.72 NOTE
r-devel-linux-x86_64-fedora-gcc 0.2.0 397.75 NOTE
r-devel-windows-x86_64 0.2.0 97.00 162.00 259.00 OK
r-patched-linux-x86_64 0.2.0 135.48 141.65 277.13 OK
r-release-linux-x86_64 0.2.0 137.66 141.43 279.09 OK
r-release-macos-arm64 0.2.0 127.00 NOTE
r-release-macos-x86_64 0.2.0 257.00 NOTE
r-release-windows-x86_64 0.2.0 126.00 191.00 317.00 OK
r-oldrel-macos-arm64 0.2.0 92.00 NOTE
r-oldrel-windows-x86_64 0.2.0 111.00 194.00 305.00 OK

Check Details

Version: 0.2.0
Check: dependencies in R code
Result: NOTE Namespace in Imports field not imported from: ‘RcppProgress’ All declared Imports should be used. Flavors: r-devel-linux-x86_64-fedora-clang, r-devel-linux-x86_64-fedora-gcc

Version: 0.2.0
Check: installed package size
Result: NOTE installed size is 17.2Mb sub-directories of 1Mb or more: libs 16.8Mb Flavors: r-release-macos-arm64, r-release-macos-x86_64, r-oldrel-macos-arm64