CRAN Package Check Results for Package keyATM

Last updated on 2021-09-24 01:50:08 CEST.

Flavor Version Tinstall Tcheck Ttotal Status Flags
r-devel-linux-x86_64-debian-clang 0.4.0 243.67 167.76 411.43 OK
r-devel-linux-x86_64-debian-gcc 0.4.0 159.63 114.93 274.56 OK
r-devel-linux-x86_64-fedora-clang 0.4.0 555.49 NOTE
r-devel-linux-x86_64-fedora-gcc 0.4.0 509.44 OK
r-devel-windows-x86_64 0.4.0 212.00 148.00 360.00 OK
r-devel-windows-x86_64-gcc10-UCRT 0.4.0 OK
r-patched-linux-x86_64 0.4.0 189.58 158.18 347.76 OK
r-patched-solaris-x86 0.4.0 498.30 OK
r-release-linux-x86_64 0.4.0 156.65 157.78 314.43 OK
r-release-macos-arm64 0.4.0 NOTE
r-release-macos-x86_64 0.4.0 NOTE
r-release-windows-ix86+x86_64 0.4.0 536.00 242.00 778.00 OK
r-oldrel-macos-x86_64 0.4.0 NOTE
r-oldrel-windows-ix86+x86_64 0.4.0 381.00 256.00 637.00 OK

Check Details

Version: 0.4.0
Check: installed package size
Result: NOTE
     installed size is 11.7Mb
     sub-directories of 1Mb or more:
     libs 11.3Mb
Flavors: r-devel-linux-x86_64-fedora-clang, r-release-macos-arm64, r-release-macos-x86_64, r-oldrel-macos-x86_64