CRAN Package Check Results for Package kernelPhil

Last updated on 2021-06-16 07:49:53 CEST.

Flavor Version Tinstall Tcheck Ttotal Status Flags
r-devel-linux-x86_64-debian-clang 0.1 5.79 63.98 69.77 NOTE
r-devel-linux-x86_64-debian-gcc 0.1 4.57 47.66 52.23 NOTE
r-devel-linux-x86_64-fedora-clang 0.1 92.86 NOTE
r-devel-linux-x86_64-fedora-gcc 0.1 80.49 NOTE
r-devel-windows-x86_64 0.1 11.00 84.00 95.00 NOTE
r-devel-windows-x86_64-gcc10-UCRT 0.1 NOTE
r-patched-linux-x86_64 0.1 6.41 59.11 65.52 NOTE
r-patched-solaris-x86 0.1 115.50 NOTE
r-release-linux-x86_64 0.1 5.20 59.11 64.31 NOTE
r-release-macos-arm64 0.1 NOTE
r-release-macos-x86_64 0.1 NOTE
r-release-windows-ix86+x86_64 0.1 15.00 85.00 100.00 NOTE
r-oldrel-macos-x86_64 0.1 OK
r-oldrel-windows-ix86+x86_64 0.1 16.00 91.00 107.00 OK

Check Details

Version: 0.1
Check: LazyData
Result: NOTE
     'LazyData' is specified without a 'data' directory
Flavors: r-devel-linux-x86_64-debian-clang, r-devel-linux-x86_64-debian-gcc, r-devel-linux-x86_64-fedora-clang, r-devel-linux-x86_64-fedora-gcc, r-devel-windows-x86_64, r-devel-windows-x86_64-gcc10-UCRT, r-patched-linux-x86_64, r-patched-solaris-x86, r-release-linux-x86_64, r-release-macos-arm64, r-release-macos-x86_64, r-release-windows-ix86+x86_64