Last updated on 2023-02-02 00:54:49 CET.
Flavor | Version | Tinstall | Tcheck | Ttotal | Status | Flags |
---|---|---|---|---|---|---|
r-devel-linux-x86_64-debian-clang | 0.1.1 | 6.98 | 100.63 | 107.61 | OK | |
r-devel-linux-x86_64-debian-gcc | 0.1.1 | 5.30 | 73.92 | 79.22 | OK | |
r-devel-linux-x86_64-fedora-clang | 0.1.1 | 133.83 | NOTE | |||
r-devel-linux-x86_64-fedora-gcc | 0.1.1 | 142.40 | NOTE | |||
r-devel-windows-x86_64 | 0.1.1 | 34.00 | 143.00 | 177.00 | OK | |
r-patched-linux-x86_64 | 0.1.1 | 6.07 | 95.31 | 101.38 | OK | |
r-release-linux-x86_64 | 0.1.1 | 6.07 | 98.29 | 104.36 | OK | |
r-release-macos-arm64 | 0.1.1 | 46.00 | NOTE | |||
r-release-macos-x86_64 | 0.1.1 | 86.00 | NOTE | |||
r-release-windows-x86_64 | 0.1.1 | 30.00 | 145.00 | 175.00 | OK | |
r-oldrel-macos-arm64 | 0.1.1 | 44.00 | NOTE | |||
r-oldrel-macos-x86_64 | 0.1.1 | 68.00 | NOTE | |||
r-oldrel-windows-ix86+x86_64 | 0.1.1 | 16.00 | 123.00 | 139.00 | OK |
Version: 0.1.1
Check: dependencies in R code
Result: NOTE
Namespace in Imports field not imported from: ‘gifski’
All declared Imports should be used.
Flavors: r-devel-linux-x86_64-fedora-clang, r-devel-linux-x86_64-fedora-gcc, r-release-macos-arm64, r-release-macos-x86_64, r-oldrel-macos-arm64, r-oldrel-macos-x86_64