CRAN Package Check Results for Package juicr

Last updated on 2024-06-20 18:48:14 CEST.

Flavor Version Tinstall Tcheck Ttotal Status Flags
r-devel-linux-x86_64-debian-clang 0.1 10.54 84.01 94.55 NOTE
r-devel-linux-x86_64-debian-gcc 0.1 8.43 61.95 70.38 NOTE
r-devel-linux-x86_64-fedora-clang 0.1 118.17 NOTE
r-devel-linux-x86_64-fedora-gcc 0.1 125.56 NOTE
r-devel-windows-x86_64 0.1 8.00 66.00 74.00 NOTE
r-patched-linux-x86_64 0.1 10.93 79.79 90.72 NOTE
r-release-linux-x86_64 0.1 10.59 80.65 91.24 NOTE
r-release-macos-arm64 0.1 58.00 NOTE
r-release-macos-x86_64 0.1 78.00 NOTE
r-release-windows-x86_64 0.1 8.00 76.00 84.00 NOTE
r-oldrel-macos-arm64 0.1 38.00 NOTE
r-oldrel-macos-x86_64 0.1 65.00 NOTE
r-oldrel-windows-x86_64 0.1 8.00 74.00 82.00 NOTE

Check Details

Version: 0.1
Check: package subdirectories
Result: NOTE Problems with news in ‘NEWS.md’: Cannot extract version info from the following section titles: pre-release juicr (2017 - 2021) Flavors: r-devel-linux-x86_64-debian-clang, r-devel-linux-x86_64-debian-gcc, r-devel-linux-x86_64-fedora-clang, r-devel-linux-x86_64-fedora-gcc, r-devel-windows-x86_64, r-patched-linux-x86_64, r-release-linux-x86_64, r-release-macos-arm64, r-release-macos-x86_64, r-release-windows-x86_64, r-oldrel-macos-arm64, r-oldrel-macos-x86_64, r-oldrel-windows-x86_64