CRAN Package Check Results for Package jtrans

Last updated on 2021-10-21 07:49:58 CEST.

Flavor Version Tinstall Tcheck Ttotal Status Flags
r-devel-linux-x86_64-debian-clang 0.2.1 2.05 21.15 23.20 NOTE
r-devel-linux-x86_64-debian-gcc 0.2.1 1.68 16.93 18.61 NOTE
r-devel-linux-x86_64-fedora-clang 0.2.1 40.18 NOTE
r-devel-linux-x86_64-fedora-gcc 0.2.1 28.64 NOTE
r-devel-windows-x86_64 0.2.1 4.00 39.00 43.00 NOTE
r-devel-windows-x86_64-gcc10-UCRT 0.2.1 NOTE
r-patched-linux-x86_64 0.2.1 2.23 20.43 22.66 NOTE
r-patched-solaris-x86 0.2.1 46.00 NOTE
r-release-linux-x86_64 0.2.1 1.93 20.25 22.18 NOTE
r-release-macos-arm64 0.2.1 NOTE
r-release-macos-x86_64 0.2.1 NOTE
r-release-windows-ix86+x86_64 0.2.1 4.00 36.00 40.00 NOTE
r-oldrel-macos-x86_64 0.2.1 NOTE
r-oldrel-windows-ix86+x86_64 0.2.1 5.00 37.00 42.00 NOTE

Check Details

Version: 0.2.1
Check: R code for possible problems
Result: NOTE
    qtls: no visible global function definition for 'quantile'
    qtls: no visible global function definition for 'pnorm'
    Undefined global functions or variables:
     pnorm quantile
    Consider adding
     importFrom("stats", "pnorm", "quantile")
    to your NAMESPACE file.
Flavors: r-devel-linux-x86_64-debian-clang, r-devel-linux-x86_64-debian-gcc, r-devel-linux-x86_64-fedora-clang, r-devel-linux-x86_64-fedora-gcc, r-devel-windows-x86_64, r-devel-windows-x86_64-gcc10-UCRT, r-patched-linux-x86_64, r-patched-solaris-x86, r-release-linux-x86_64, r-release-macos-arm64, r-release-macos-x86_64, r-release-windows-ix86+x86_64, r-oldrel-macos-x86_64, r-oldrel-windows-ix86+x86_64