CRAN Package Check Results for Package jsonlite

Last updated on 2021-06-18 07:48:13 CEST.

Flavor Version Tinstall Tcheck Ttotal Status Flags
r-devel-linux-x86_64-debian-clang 1.7.2 9.50 54.01 63.51 OK
r-devel-linux-x86_64-debian-gcc 1.7.2 5.53 41.16 46.69 OK
r-devel-linux-x86_64-fedora-clang 1.7.2 85.11 OK
r-devel-linux-x86_64-fedora-gcc 1.7.2 74.58 OK
r-devel-windows-x86_64 1.7.2 20.00 75.00 95.00 OK
r-devel-windows-x86_64-gcc10-UCRT 1.7.2 NOTE
r-patched-linux-x86_64 1.7.2 6.10 52.08 58.18 OK
r-patched-solaris-x86 1.7.2 100.50 OK
r-release-linux-x86_64 1.7.2 5.99 51.88 57.87 OK
r-release-macos-arm64 1.7.2 NOTE
r-release-macos-x86_64 1.7.2 WARN
r-release-windows-ix86+x86_64 1.7.2 49.00 99.00 148.00 OK
r-oldrel-macos-x86_64 1.7.2 OK
r-oldrel-windows-ix86+x86_64 1.7.2 30.00 80.00 110.00 OK

Check Details

Version: 1.7.2
Check: package dependencies
Result: NOTE
    Package suggested but not available for checking: 'sf'
Flavors: r-devel-windows-x86_64-gcc10-UCRT, r-release-macos-arm64

Version: 1.7.2
Check: re-building of vignette outputs
Result: WARN
    Error(s) in re-building vignettes:
    --- re-building ‘json-aaquickstart.Rmd’ using rmarkdown
    Warning in engine$weave(file, quiet = quiet, encoding = enc) :
     Pandoc (>= 1.12.3) not available. Falling back to R Markdown v1.
    --- finished re-building ‘json-aaquickstart.Rmd’
    
    --- re-building ‘json-apis.Rmd’ using rmarkdown
    Warning in engine$weave(file, quiet = quiet, encoding = enc) :
     Pandoc (>= 1.12.3) not available. Falling back to R Markdown v1.
    --- finished re-building ‘json-apis.Rmd’
    
    --- re-building ‘json-paging.Rmd’ using rmarkdown
    Warning in engine$weave(file, quiet = quiet, encoding = enc) :
     Pandoc (>= 1.12.3) not available. Falling back to R Markdown v1.
    --- finished re-building ‘json-paging.Rmd’
    
    Error in loadVignetteBuilder(pkgdir) : vignette builder 'R.rsp' not found
    Calls: <Anonymous> -> loadVignetteBuilder
    Execution halted
    Error in loadVignetteBuilder(pkgdir) : vignette builder 'R.rsp' not found
    Calls: <Anonymous> -> loadVignetteBuilder
    Execution halted
    SUMMARY: processing the following files failed:
     ‘json-mapping.pdf.asis’ ‘json-opencpu.pdf.asis’
    
    Error: Vignette re-building failed.
    Execution halted
Flavor: r-release-macos-x86_64