CRAN Package Check Results for Package jsonStrings

Last updated on 2021-11-26 19:52:54 CET.

Flavor Version Tinstall Tcheck Ttotal Status Flags
r-devel-linux-x86_64-debian-clang 1.0.0 32.26 34.25 66.51 OK
r-devel-linux-x86_64-debian-gcc 1.0.0 24.95 27.29 52.24 OK
r-devel-linux-x86_64-fedora-clang 1.0.0 102.53 OK
r-devel-linux-x86_64-fedora-gcc 1.0.0 91.89 OK
r-devel-windows-x86_64-new-UL 1.0.0 46.00 106.00 152.00 OK
r-devel-windows-x86_64-new-TK 1.0.0 OK
r-devel-windows-x86_64-old 1.0.0 30.00 68.00 98.00 OK
r-patched-linux-x86_64 1.0.0 29.44 33.52 62.96 OK
r-patched-solaris-x86 1.0.0 97.00 OK
r-release-linux-x86_64 1.0.0 OK
r-release-macos-arm64 1.0.0 NOTE
r-release-macos-x86_64 1.0.0 OK
r-release-windows-ix86+x86_64 1.0.0 79.00 72.00 151.00 OK
r-oldrel-macos-x86_64 1.0.0 OK
r-oldrel-windows-ix86+x86_64 1.0.0 63.00 84.00 147.00 OK

Check Details

Version: 1.0.0
Check: installed package size
Result: NOTE
     installed size is 5.8Mb
     sub-directories of 1Mb or more:
     libs 5.7Mb
Flavor: r-release-macos-arm64