CRAN Package Check Results for Package jpmesh

Last updated on 2021-06-19 01:50:23 CEST.

Flavor Version Tinstall Tcheck Ttotal Status Flags
r-devel-linux-x86_64-debian-clang 2.0.1 11.40 164.28 175.68 ERROR
r-devel-linux-x86_64-debian-gcc 2.0.1 9.27 123.14 132.41 ERROR
r-devel-linux-x86_64-fedora-clang 2.0.1 217.34 ERROR
r-devel-linux-x86_64-fedora-gcc 2.0.1 219.70 ERROR
r-devel-windows-x86_64 2.0.1 18.00 200.00 218.00 ERROR
r-devel-windows-x86_64-gcc10-UCRT 2.0.1 ERROR
r-patched-linux-x86_64 2.0.1 10.98 153.93 164.91 ERROR
r-patched-solaris-x86 2.0.1 285.70 ERROR
r-release-linux-x86_64 2.0.1 8.37 153.98 162.35 ERROR
r-release-macos-arm64 2.0.1 NOTE
r-release-macos-x86_64 2.0.1 NOTE
r-release-windows-ix86+x86_64 2.0.1 26.00 207.00 233.00 ERROR
r-oldrel-macos-x86_64 2.0.1 NOTE
r-oldrel-windows-ix86+x86_64 2.0.1 19.00 164.00 183.00 ERROR

Additional issues

M1mac

Check Details

Version: 2.0.1
Check: tests
Result: ERROR
     Running 'testthat.R' [77s/85s]
    Running the tests in 'tests/testthat.R' failed.
    Complete output:
     > library(testthat)
     > library(vdiffr)
     > library(jpmesh)
     >
     > test_check("jpmesh")
     NULL
     NULL
     NULL
     NULL
     NULL
     == Skipped tests ===============================================================
     * On CRAN (5)
    
     == Failed tests ================================================================
     -- Failure (test-internal.R:53:5): validate ------------------------------------
     nrow(df_check) not equal to 1L.
     1/1 mismatches
     [1] 10 - 1 == 9
    
     [ FAIL 1 | WARN 0 | SKIP 5 | PASS 175 ]
     Error: Test failures
     Execution halted
Flavor: r-devel-linux-x86_64-debian-clang

Version: 2.0.1
Check: tests
Result: ERROR
     Running ‘testthat.R’ [57s/89s]
    Running the tests in ‘tests/testthat.R’ failed.
    Complete output:
     > library(testthat)
     > library(vdiffr)
     > library(jpmesh)
     >
     > test_check("jpmesh")
     NULL
     NULL
     NULL
     NULL
     NULL
     ══ Skipped tests ═══════════════════════════════════════════════════════════════
     • On CRAN (5)
    
     ══ Failed tests ════════════════════════════════════════════════════════════════
     ── Failure (test-internal.R:53:5): validate ────────────────────────────────────
     nrow(df_check) not equal to 1L.
     1/1 mismatches
     [1] 10 - 1 == 9
    
     [ FAIL 1 | WARN 0 | SKIP 5 | PASS 175 ]
     Error: Test failures
     Execution halted
Flavor: r-devel-linux-x86_64-debian-gcc

Version: 2.0.1
Check: data for non-ASCII characters
Result: NOTE
     Note: found 176 marked UTF-8 strings
Flavors: r-devel-linux-x86_64-fedora-clang, r-devel-linux-x86_64-fedora-gcc, r-patched-solaris-x86, r-release-macos-arm64, r-release-macos-x86_64, r-oldrel-macos-x86_64

Version: 2.0.1
Check: tests
Result: ERROR
     Running ‘testthat.R’ [89s/108s]
    Running the tests in ‘tests/testthat.R’ failed.
    Complete output:
     > library(testthat)
     > library(vdiffr)
     > library(jpmesh)
     >
     > test_check("jpmesh")
     NULL
     NULL
     NULL
     NULL
     NULL
     ══ Skipped tests ═══════════════════════════════════════════════════════════════
     • On CRAN (5)
    
     ══ Failed tests ════════════════════════════════════════════════════════════════
     ── Failure (test-internal.R:53:5): validate ────────────────────────────────────
     nrow(df_check) not equal to 1L.
     1/1 mismatches
     [1] 10 - 1 == 9
    
     [ FAIL 1 | WARN 0 | SKIP 5 | PASS 175 ]
     Error: Test failures
     Execution halted
Flavor: r-devel-linux-x86_64-fedora-clang

Version: 2.0.1
Check: tests
Result: ERROR
     Running ‘testthat.R’ [98s/259s]
    Running the tests in ‘tests/testthat.R’ failed.
    Complete output:
     > library(testthat)
     > library(vdiffr)
     > library(jpmesh)
     >
     > test_check("jpmesh")
     NULL
     NULL
     NULL
     NULL
     NULL
     ══ Skipped tests ═══════════════════════════════════════════════════════════════
     • On CRAN (5)
    
     ══ Failed tests ════════════════════════════════════════════════════════════════
     ── Failure (test-internal.R:53:5): validate ────────────────────────────────────
     nrow(df_check) not equal to 1L.
     1/1 mismatches
     [1] 10 - 1 == 9
    
     [ FAIL 1 | WARN 0 | SKIP 5 | PASS 175 ]
     Error: Test failures
     Execution halted
Flavor: r-devel-linux-x86_64-fedora-gcc

Version: 2.0.1
Check: tests
Result: ERROR
     Running 'testthat.R' [92s]
    Running the tests in 'tests/testthat.R' failed.
    Complete output:
     > library(testthat)
     > library(vdiffr)
     > library(jpmesh)
     >
     > test_check("jpmesh")
     NULL
     NULL
     NULL
     NULL
     NULL
     == Skipped tests ===============================================================
     * On CRAN (5)
    
     == Failed tests ================================================================
     -- Failure (test-internal.R:53:5): validate ------------------------------------
     nrow(df_check) not equal to 1L.
     1/1 mismatches
     [1] 10 - 1 == 9
    
     [ FAIL 1 | WARN 0 | SKIP 5 | PASS 175 ]
     Error: Test failures
     Execution halted
Flavor: r-devel-windows-x86_64

Version: 2.0.1
Check: package dependencies
Result: ERROR
    Package required but not available: 'sf'
    
    Packages suggested but not available for checking: 'lwgeom', 'vdiffr'
    
    See section 'The DESCRIPTION file' in the 'Writing R Extensions'
    manual.
Flavor: r-devel-windows-x86_64-gcc10-UCRT

Version: 2.0.1
Check: tests
Result: ERROR
     Running ‘testthat.R’ [72s/78s]
    Running the tests in ‘tests/testthat.R’ failed.
    Complete output:
     > library(testthat)
     > library(vdiffr)
     > library(jpmesh)
     >
     > test_check("jpmesh")
     NULL
     NULL
     NULL
     NULL
     NULL
     ══ Skipped tests ═══════════════════════════════════════════════════════════════
     • On CRAN (5)
    
     ══ Failed tests ════════════════════════════════════════════════════════════════
     ── Failure (test-internal.R:53:5): validate ────────────────────────────────────
     nrow(df_check) not equal to 1L.
     1/1 mismatches
     [1] 10 - 1 == 9
    
     [ FAIL 1 | WARN 0 | SKIP 5 | PASS 175 ]
     Error: Test failures
     Execution halted
Flavor: r-patched-linux-x86_64

Version: 2.0.1
Check: tests
Result: ERROR
     Running ‘testthat.R’ [113s/148s]
    Running the tests in ‘tests/testthat.R’ failed.
    Complete output:
     > library(testthat)
     > library(vdiffr)
     > library(jpmesh)
     >
     > test_check("jpmesh")
     NULL
     NULL
     NULL
     NULL
     NULL
     ══ Skipped tests ═══════════════════════════════════════════════════════════════
     • On CRAN (5)
    
     ══ Failed tests ════════════════════════════════════════════════════════════════
     ── Failure (test-internal.R:53:5): validate ────────────────────────────────────
     nrow(df_check) not equal to 1L.
     1/1 mismatches
     [1] 11 - 1 == 10
    
     [ FAIL 1 | WARN 0 | SKIP 5 | PASS 175 ]
     Error: Test failures
     Execution halted
Flavor: r-patched-solaris-x86

Version: 2.0.1
Check: tests
Result: ERROR
     Running ‘testthat.R’ [73s/78s]
    Running the tests in ‘tests/testthat.R’ failed.
    Complete output:
     > library(testthat)
     > library(vdiffr)
     > library(jpmesh)
     >
     > test_check("jpmesh")
     NULL
     NULL
     NULL
     NULL
     NULL
     ══ Skipped tests ═══════════════════════════════════════════════════════════════
     • On CRAN (5)
    
     ══ Failed tests ════════════════════════════════════════════════════════════════
     ── Failure (test-internal.R:53:5): validate ────────────────────────────────────
     nrow(df_check) not equal to 1L.
     1/1 mismatches
     [1] 10 - 1 == 9
    
     [ FAIL 1 | WARN 0 | SKIP 5 | PASS 175 ]
     Error: Test failures
     Execution halted
Flavor: r-release-linux-x86_64

Version: 2.0.1
Check: tests
Result: ERROR
     Running 'testthat.R' [94s]
    Running the tests in 'tests/testthat.R' failed.
    Complete output:
     > library(testthat)
     > library(vdiffr)
     > library(jpmesh)
     >
     > test_check("jpmesh")
     NULL
     NULL
     NULL
     NULL
     NULL
     == Skipped tests ===============================================================
     * On CRAN (5)
    
     == Failed tests ================================================================
     -- Failure (test-internal.R:53:5): validate ------------------------------------
     nrow(df_check) not equal to 1L.
     1/1 mismatches
     [1] 10 - 1 == 9
    
     [ FAIL 1 | WARN 0 | SKIP 5 | PASS 175 ]
     Error: Test failures
     Execution halted
Flavor: r-release-windows-ix86+x86_64

Version: 2.0.1
Check: tests
Result: ERROR
     Running 'testthat.R' [77s]
    Running the tests in 'tests/testthat.R' failed.
    Complete output:
     > library(testthat)
     > library(vdiffr)
     > library(jpmesh)
     >
     > test_check("jpmesh")
     NULL
     NULL
     NULL
     NULL
     NULL
     == Skipped tests ===============================================================
     * The R graphics engine is too old.
     Please update to R 4.1.0 and regenerate the vdiffr snapshots. (5)
    
     == Failed tests ================================================================
     -- Failure (test-internal.R:53:5): validate ------------------------------------
     nrow(df_check) not equal to 1L.
     1/1 mismatches
     [1] 10 - 1 == 9
    
     [ FAIL 1 | WARN 0 | SKIP 5 | PASS 175 ]
     Error: Test failures
     Execution halted
Flavor: r-oldrel-windows-ix86+x86_64