CRAN Package Check Results for Package journalabbr

Last updated on 2021-06-24 01:50:24 CEST.

Flavor Version Tinstall Tcheck Ttotal Status Flags
r-devel-linux-x86_64-debian-clang 0.3.0 30.52 73.18 103.70 OK
r-devel-linux-x86_64-debian-gcc 0.3.0 28.75 56.96 85.71 OK
r-devel-linux-x86_64-fedora-clang 0.3.0 143.37 NOTE
r-devel-linux-x86_64-fedora-gcc 0.3.0 131.34 NOTE
r-devel-windows-x86_64 0.3.0 46.00 74.00 120.00 OK
r-devel-windows-x86_64-gcc10-UCRT 0.3.0 ERROR
r-patched-linux-x86_64 0.3.0 31.59 68.68 100.27 OK
r-patched-solaris-x86 0.3.0 232.90 NOTE
r-release-linux-x86_64 0.3.0 31.57 68.94 100.51 OK
r-release-macos-arm64 0.3.0 NOTE
r-release-macos-x86_64 0.3.0 NOTE
r-release-windows-ix86+x86_64 0.3.0 37.00 74.00 111.00 OK
r-oldrel-macos-x86_64 0.3.0 NOTE

Check Details

Version: 0.3.0
Check: dependencies in R code
Result: NOTE
    Namespaces in Imports field not imported from:
     ‘knitr’ ‘rmarkdown’
     All declared Imports should be used.
Flavors: r-devel-linux-x86_64-fedora-clang, r-devel-linux-x86_64-fedora-gcc, r-patched-solaris-x86, r-release-macos-arm64, r-release-macos-x86_64, r-oldrel-macos-x86_64

Version: 0.3.0
Check: package dependencies
Result: ERROR
    Package required but not available: 'httr'
    
    See section 'The DESCRIPTION file' in the 'Writing R Extensions'
    manual.
Flavor: r-devel-windows-x86_64-gcc10-UCRT