CRAN Package Check Results for Package jomo

Last updated on 2022-01-18 01:52:03 CET.

Flavor Version Tinstall Tcheck Ttotal Status Flags
r-devel-linux-x86_64-debian-clang 2.7-2 66.50 240.52 307.02 OK
r-devel-linux-x86_64-debian-gcc 2.7-2 70.28 177.24 247.52 OK
r-devel-linux-x86_64-fedora-clang 2.7-2 390.54 OK
r-devel-linux-x86_64-fedora-gcc 2.7-2 396.31 OK
r-devel-windows-x86_64-new-UL 2.7-2 114.00 238.00 352.00 OK
r-devel-windows-x86_64-new-TK 2.7-2 ERROR
r-patched-linux-x86_64 2.7-2 79.55 234.83 314.38 OK
r-release-linux-x86_64 2.7-2 OK
r-release-macos-arm64 2.7-2 OK
r-release-macos-x86_64 2.7-2 OK
r-release-windows-ix86+x86_64 2.7-2 179.00 344.00 523.00 OK
r-oldrel-macos-x86_64 2.7-2 OK
r-oldrel-windows-ix86+x86_64 2.7-2 178.00 342.00 520.00 OK

Check Details

Version: 2.7-2
Check: package dependencies
Result: ERROR
    Package required but not available: 'lme4'
    
    Package suggested but not available for checking: 'mitml'
    
    See section 'The DESCRIPTION file' in the 'Writing R Extensions'
    manual.
Flavor: r-devel-windows-x86_64-new-TK