CRAN Package Check Results for Package joineRML

Last updated on 2022-12-07 06:53:10 CET.

Flavor Version Tinstall Tcheck Ttotal Status Flags
r-devel-linux-x86_64-debian-clang 0.4.5 111.66 530.37 642.03 OK
r-devel-linux-x86_64-debian-gcc 0.4.5 90.01 387.53 477.54 OK
r-devel-linux-x86_64-fedora-clang 0.4.5 822.88 OK
r-devel-linux-x86_64-fedora-gcc 0.4.5 813.02 OK
r-devel-windows-x86_64 0.4.5 116.00 682.00 798.00 OK
r-patched-linux-x86_64 0.4.5 97.24 506.28 603.52 OK
r-release-linux-x86_64 0.4.5 85.64 486.95 572.59 OK
r-release-macos-arm64 0.4.5 197.00 NOTE
r-release-macos-x86_64 0.4.5 310.00 NOTE
r-release-windows-x86_64 0.4.5 109.00 647.00 756.00 OK
r-oldrel-macos-arm64 0.4.5 264.00 NOTE
r-oldrel-macos-x86_64 0.4.5 376.00 NOTE
r-oldrel-windows-ix86+x86_64 0.4.5 272.00 926.00 1198.00 OK

Check Details

Version: 0.4.5
Check: installed package size
Result: NOTE
     installed size is 6.8Mb
     sub-directories of 1Mb or more:
     data 1.3Mb
     libs 4.2Mb
Flavors: r-release-macos-arm64, r-release-macos-x86_64, r-oldrel-macos-arm64, r-oldrel-macos-x86_64