CRAN Package Check Results for Package job

Last updated on 2021-09-19 13:49:14 CEST.

Flavor Version Tinstall Tcheck Ttotal Status Flags
r-devel-linux-x86_64-debian-clang 0.3.0 2.22 22.62 24.84 OK
r-devel-linux-x86_64-debian-gcc 0.3.0 1.50 17.97 19.47 OK
r-devel-linux-x86_64-fedora-clang 0.3.0 39.09 OK
r-devel-linux-x86_64-fedora-gcc 0.3.0 28.47 OK
r-devel-windows-x86_64 0.3.0 3.00 37.00 40.00 OK
r-devel-windows-x86_64-gcc10-UCRT 0.3.0 ERROR
r-patched-linux-x86_64 0.3.0 2.15 21.80 23.95 OK
r-patched-solaris-x86 0.3.0 46.00 OK
r-release-linux-x86_64 0.3.0 1.99 21.84 23.83 OK
r-release-macos-arm64 0.3.0 OK
r-release-macos-x86_64 0.3.0 OK
r-release-windows-ix86+x86_64 0.3.0 5.00 31.00 36.00 OK
r-oldrel-macos-x86_64 0.3.0 OK
r-oldrel-windows-ix86+x86_64 0.3.0 7.00 29.00 36.00 OK

Check Details

Version: 0.3.0
Check: whether package can be installed
Result: WARN
    Found the following significant warnings:
     WARNING: installation-time patches will not be applied, could not get the patches index
Flavor: r-devel-windows-x86_64-gcc10-UCRT

Version: 0.3.0
Check: PDF version of manual
Result: WARN
    LaTeX errors when creating PDF version.
    This typically indicates Rd problems.
Flavor: r-devel-windows-x86_64-gcc10-UCRT

Version: 0.3.0
Check: PDF version of manual without hyperrefs or index
Result: ERROR
    Re-running with no redirection of stdout/stderr.
Flavor: r-devel-windows-x86_64-gcc10-UCRT