CRAN Package Check Results for Package jmv

Last updated on 2022-12-07 06:53:10 CET.

Flavor Version Tinstall Tcheck Ttotal Status Flags
r-devel-linux-x86_64-debian-clang 2.3.4 95.65 149.75 245.40 OK
r-devel-linux-x86_64-debian-gcc 2.3.4 76.54 107.11 183.65 OK
r-devel-linux-x86_64-fedora-clang 2.3.4 360.15 NOTE
r-devel-linux-x86_64-fedora-gcc 2.3.4 343.66 NOTE
r-devel-windows-x86_64 2.3.4 101.00 184.00 285.00 NOTE
r-patched-linux-x86_64 2.3.4 88.90 126.96 215.86 OK
r-release-linux-x86_64 2.3.4 89.96 131.10 221.06 OK
r-release-macos-arm64 2.3.4 83.00 NOTE
r-release-macos-x86_64 2.3.4 133.00 NOTE
r-release-windows-x86_64 2.3.4 120.00 169.00 289.00 NOTE
r-oldrel-macos-arm64 2.3.4 55.00 NOTE
r-oldrel-macos-x86_64 2.3.4 97.00 NOTE
r-oldrel-windows-ix86+x86_64 2.3.4 157.00 159.00 316.00 NOTE

Check Details

Version: 2.3.4
Check: package dependencies
Result: NOTE
    Imports includes 23 non-default packages.
    Importing from so many packages makes the package vulnerable to any of
    them becoming unavailable. Move as many as possible to Suggests and
    use conditionally.
Flavor: r-devel-linux-x86_64-fedora-clang

Version: 2.3.4
Check: installed package size
Result: NOTE
     installed size is 8.0Mb
     sub-directories of 1Mb or more:
     R 3.8Mb
     i18n 4.0Mb
Flavors: r-devel-linux-x86_64-fedora-clang, r-devel-windows-x86_64, r-release-macos-arm64, r-release-macos-x86_64, r-release-windows-x86_64, r-oldrel-macos-arm64, r-oldrel-macos-x86_64, r-oldrel-windows-ix86+x86_64

Version: 2.3.4
Check: dependencies in R code
Result: NOTE
    Namespaces in Imports field not imported from:
     ‘BayesFactor’ ‘GGally’ ‘GPArotation’ ‘MASS’ ‘PMCMR’ ‘R6’ ‘ROCR’
     ‘afex’ ‘car’ ‘dplyr’ ‘emmeans’ ‘ggrepel’ ‘ggridges’ ‘lavaan’
     ‘multcomp’ ‘mvnormtest’ ‘nnet’ ‘psych’ ‘vcd’ ‘vcdExtra’
     All declared Imports should be used.
Flavors: r-devel-linux-x86_64-fedora-clang, r-devel-linux-x86_64-fedora-gcc, r-release-macos-arm64, r-release-macos-x86_64, r-oldrel-macos-arm64, r-oldrel-macos-x86_64