CRAN Package Check Results for Package jfa

Last updated on 2024-02-23 00:59:32 CET.

Flavor Version Tinstall Tcheck Ttotal Status Flags
r-devel-linux-x86_64-debian-clang 0.7.0 NOTE
r-devel-linux-x86_64-debian-gcc 0.7.0 355.17 386.69 741.86 NOTE
r-devel-linux-x86_64-fedora-clang 0.7.0 1118.04 NOTE
r-devel-linux-x86_64-fedora-gcc 0.7.0 1250.79 NOTE
r-devel-windows-x86_64 0.7.0 309.00 470.00 779.00 NOTE
r-patched-linux-x86_64 0.7.0 332.43 514.08 846.51 NOTE
r-release-linux-x86_64 0.7.0 313.24 511.83 825.07 NOTE
r-release-macos-arm64 0.7.0 352.00 NOTE
r-release-macos-x86_64 0.7.0 609.00 NOTE
r-release-windows-x86_64 0.7.0 389.00 537.00 926.00 NOTE
r-oldrel-macos-arm64 0.7.0 304.00 NOTE
r-oldrel-windows-x86_64 0.7.0 370.00 537.00 907.00 NOTE

Check Details

Version: 0.7.0
Check: Rd files
Result: NOTE checkRd: (-1) model_fairness.Rd:116-118: Lost braces in \itemize; meant \describe ? checkRd: (-1) model_fairness.Rd:119-121: Lost braces in \itemize; meant \describe ? checkRd: (-1) model_fairness.Rd:122-123: Lost braces in \itemize; meant \describe ? checkRd: (-1) model_fairness.Rd:124-126: Lost braces in \itemize; meant \describe ? checkRd: (-1) model_fairness.Rd:127-129: Lost braces in \itemize; meant \describe ? checkRd: (-1) model_fairness.Rd:130-132: Lost braces in \itemize; meant \describe ? checkRd: (-1) model_fairness.Rd:133-135: Lost braces in \itemize; meant \describe ? checkRd: (-1) model_fairness.Rd:136-137: Lost braces in \itemize; meant \describe ? checkRd: (-1) model_fairness.Rd:138-139: Lost braces in \itemize; meant \describe ? Flavors: r-devel-linux-x86_64-debian-clang, r-devel-linux-x86_64-debian-gcc

Version: 0.7.0
Check: for GNU extensions in Makefiles
Result: NOTE GNU make is a SystemRequirements. Flavors: r-devel-linux-x86_64-debian-clang, r-devel-linux-x86_64-debian-gcc, r-devel-linux-x86_64-fedora-clang, r-devel-linux-x86_64-fedora-gcc, r-devel-windows-x86_64, r-patched-linux-x86_64, r-release-linux-x86_64, r-release-macos-arm64, r-release-macos-x86_64, r-release-windows-x86_64, r-oldrel-macos-arm64, r-oldrel-windows-x86_64

Version: 0.7.0
Check: installed package size
Result: NOTE installed size is 8.4Mb sub-directories of 1Mb or more: doc 3.2Mb libs 3.9Mb Flavors: r-devel-linux-x86_64-fedora-clang, r-devel-windows-x86_64, r-release-macos-arm64, r-release-macos-x86_64, r-release-windows-x86_64, r-oldrel-macos-arm64, r-oldrel-windows-x86_64

Version: 0.7.0
Check: dependencies in R code
Result: NOTE Namespaces in Imports field not imported from: ‘RcppParallel’ ‘rstantools’ All declared Imports should be used. Flavors: r-devel-linux-x86_64-fedora-clang, r-devel-linux-x86_64-fedora-gcc