CRAN Package Check Results for Package jarbes

Last updated on 2021-09-25 22:54:09 CEST.

Flavor Version Tinstall Tcheck Ttotal Status Flags
r-devel-linux-x86_64-debian-clang 1.7.2 3.41 33.18 36.59 OK
r-devel-linux-x86_64-debian-gcc 1.7.2 2.48 26.30 28.78 OK
r-devel-linux-x86_64-fedora-clang 1.7.2 53.16 NOTE
r-devel-linux-x86_64-fedora-gcc 1.7.2 44.36 NOTE
r-devel-windows-x86_64 1.7.2 4.00 40.00 44.00 OK
r-devel-windows-x86_64-gcc10-UCRT 1.7.2 NOTE
r-patched-linux-x86_64 1.7.2 3.66 32.32 35.98 OK
r-patched-solaris-x86 1.7.2 68.90 NOTE
r-release-linux-x86_64 1.7.2 3.27 32.32 35.59 OK
r-release-macos-arm64 1.7.2 NOTE
r-release-macos-x86_64 1.7.2 NOTE
r-release-windows-ix86+x86_64 1.7.2 9.00 36.00 45.00 OK
r-oldrel-macos-x86_64 1.7.2 NOTE
r-oldrel-windows-ix86+x86_64 1.7.2 6.00 39.00 45.00 OK

Check Details

Version: 1.7.2
Check: dependencies in R code
Result: NOTE
    Namespaces in Imports field not imported from:
     ‘MASS’ ‘ggExtra’ ‘ggplot2’ ‘grid’ ‘gridExtra’ ‘mcmcplots’
     All declared Imports should be used.
Flavors: r-devel-linux-x86_64-fedora-clang, r-devel-linux-x86_64-fedora-gcc, r-devel-windows-x86_64-gcc10-UCRT, r-patched-solaris-x86, r-release-macos-arm64, r-release-macos-x86_64, r-oldrel-macos-x86_64