Last updated on 2023-03-23 06:52:24 CET.
Flavor | Version | Tinstall | Tcheck | Ttotal | Status | Flags |
---|---|---|---|---|---|---|
r-devel-linux-x86_64-debian-clang | 1.0.0 | 2.77 | 25.14 | 27.91 | OK | |
r-devel-linux-x86_64-debian-gcc | 1.0.0 | 2.55 | 20.36 | 22.91 | OK | |
r-devel-linux-x86_64-fedora-clang | 1.0.0 | 39.06 | NOTE | |||
r-devel-linux-x86_64-fedora-gcc | 1.0.0 | 35.45 | NOTE | |||
r-patched-linux-x86_64 | 1.0.0 | 3.21 | 26.19 | 29.40 | OK | |
r-release-linux-x86_64 | 1.0.0 | 3.00 | 26.59 | 29.59 | OK | |
r-release-macos-arm64 | 1.0.0 | 27.00 | NOTE | |||
r-release-macos-x86_64 | 1.0.0 | 38.00 | NOTE | |||
r-release-windows-x86_64 | 1.0.0 | 24.00 | 90.00 | 114.00 | OK | |
r-oldrel-macos-arm64 | 1.0.0 | 31.00 | NOTE | |||
r-oldrel-macos-x86_64 | 1.0.0 | 42.00 | NOTE | |||
r-oldrel-windows-ix86+x86_64 | 1.0.0 | 8.00 | 50.00 | 58.00 | OK |
Version: 1.0.0
Check: data for non-ASCII characters
Result: NOTE
Note: found 1 marked UTF-8 string
Flavors: r-devel-linux-x86_64-fedora-clang, r-devel-linux-x86_64-fedora-gcc, r-release-macos-arm64, r-release-macos-x86_64, r-oldrel-macos-arm64, r-oldrel-macos-x86_64