CRAN Package Check Results for Package jackalope

Last updated on 2021-11-26 19:52:54 CET.

Flavor Version Tinstall Tcheck Ttotal Status Flags
r-devel-linux-x86_64-debian-clang 1.1.3 295.79 49.14 344.93 NOTE
r-devel-linux-x86_64-debian-gcc 1.1.3 224.48 38.13 262.61 NOTE
r-devel-linux-x86_64-fedora-clang 1.1.3 547.30 NOTE
r-devel-linux-x86_64-fedora-gcc 1.1.3 487.06 NOTE
r-devel-windows-x86_64-new-UL 1.1.3 410.00 179.00 589.00 NOTE
r-devel-windows-x86_64-new-TK 1.1.3 NOTE
r-devel-windows-x86_64-old 1.1.3 289.00 93.00 382.00 NOTE
r-patched-linux-x86_64 1.1.3 266.62 47.98 314.60 NOTE
r-patched-solaris-x86 1.1.3 424.80 NOTE
r-release-linux-x86_64 1.1.3 NOTE
r-release-macos-arm64 1.1.3 NOTE
r-release-macos-x86_64 1.1.3 NOTE
r-release-windows-ix86+x86_64 1.1.3 730.00 99.00 829.00 NOTE
r-oldrel-macos-x86_64 1.1.3 NOTE
r-oldrel-windows-ix86+x86_64 1.1.3 563.00 124.00 687.00 NOTE

Check Details

Version: 1.1.3
Check: package dependencies
Result: NOTE
    Packages suggested but not available for checking: 'coala', 'scrm'
Flavors: r-devel-linux-x86_64-debian-clang, r-devel-linux-x86_64-debian-gcc, r-devel-linux-x86_64-fedora-clang, r-devel-linux-x86_64-fedora-gcc, r-devel-windows-x86_64-new-UL, r-devel-windows-x86_64-new-TK, r-patched-linux-x86_64, r-patched-solaris-x86, r-release-linux-x86_64

Version: 1.1.3
Check: for GNU extensions in Makefiles
Result: NOTE
    GNU make is a SystemRequirements.
Flavors: r-devel-linux-x86_64-debian-clang, r-devel-linux-x86_64-debian-gcc, r-devel-linux-x86_64-fedora-clang, r-devel-linux-x86_64-fedora-gcc, r-devel-windows-x86_64-new-UL, r-devel-windows-x86_64-new-TK, r-devel-windows-x86_64-old, r-patched-linux-x86_64, r-patched-solaris-x86, r-release-linux-x86_64, r-release-macos-arm64, r-release-macos-x86_64, r-release-windows-ix86+x86_64, r-oldrel-macos-x86_64, r-oldrel-windows-ix86+x86_64

Version: 1.1.3
Check: installed package size
Result: NOTE
     installed size is 17.7Mb
     sub-directories of 1Mb or more:
     art_profiles 1.5Mb
     libs 15.4Mb
Flavors: r-devel-linux-x86_64-fedora-clang, r-devel-windows-x86_64-new-UL, r-devel-windows-x86_64-old, r-release-macos-arm64, r-release-macos-x86_64, r-release-windows-ix86+x86_64, r-oldrel-macos-x86_64, r-oldrel-windows-ix86+x86_64