CRAN Package Check Results for Package ivdoctr

Last updated on 2021-08-02 19:50:50 CEST.

Flavor Version Tinstall Tcheck Ttotal Status Flags
r-devel-linux-x86_64-debian-clang 1.0.0 40.29 119.94 160.23 OK
r-devel-linux-x86_64-debian-gcc 1.0.0 30.36 88.61 118.97 OK
r-devel-linux-x86_64-fedora-clang 1.0.0 212.23 NOTE
r-devel-linux-x86_64-fedora-gcc 1.0.0 192.57 NOTE
r-devel-windows-x86_64 1.0.0 60.00 160.00 220.00 OK
r-devel-windows-x86_64-gcc10-UCRT 1.0.0 NOTE
r-patched-linux-x86_64 1.0.0 OK
r-patched-solaris-x86 1.0.0 60.30 ERROR
r-release-linux-x86_64 1.0.0 33.68 112.45 146.13 OK
r-release-macos-arm64 1.0.0 NOTE
r-release-macos-x86_64 1.0.0 NOTE
r-release-windows-ix86+x86_64 1.0.0 94.00 215.00 309.00 OK
r-oldrel-macos-x86_64 1.0.0 NOTE
r-oldrel-windows-ix86+x86_64 1.0.0 86.00 227.00 313.00 OK

Check Details

Version: 1.0.0
Check: dependencies in R code
Result: NOTE
    Namespace in Imports field not imported from: ‘Rcpp’
     All declared Imports should be used.
Flavors: r-devel-linux-x86_64-fedora-clang, r-devel-linux-x86_64-fedora-gcc, r-devel-windows-x86_64-gcc10-UCRT, r-release-macos-arm64, r-release-macos-x86_64, r-oldrel-macos-x86_64

Version: 1.0.0
Check: data for non-ASCII characters
Result: NOTE
     Note: found 58 marked UTF-8 strings
Flavors: r-devel-linux-x86_64-fedora-clang, r-devel-linux-x86_64-fedora-gcc, r-devel-windows-x86_64-gcc10-UCRT, r-release-macos-arm64, r-release-macos-x86_64, r-oldrel-macos-x86_64

Version: 1.0.0
Check: package dependencies
Result: NOTE
    Package suggested but not available for checking: ‘haven’
Flavor: r-patched-solaris-x86

Version: 1.0.0
Check: whether the package can be loaded
Result: ERROR
    Loading this package had a fatal error status code 1
    Loading log:
    Error: package or namespace load failed for ‘ivdoctr’ in loadNamespace(i, c(lib.loc, .libPaths()), versionCheck = vI[[i]]):
     there is no package called ‘rio’
    Execution halted
Flavor: r-patched-solaris-x86