Last updated on 2025-01-19 18:49:30 CET.
Flavor | Version | Tinstall | Tcheck | Ttotal | Status | Flags |
---|---|---|---|---|---|---|
r-devel-linux-x86_64-debian-clang | 1.6.0 | 6.75 | 61.21 | 67.96 | OK | |
r-devel-linux-x86_64-debian-gcc | 1.6.0 | 4.77 | 43.63 | 48.40 | OK | |
r-devel-linux-x86_64-fedora-clang | 1.6.0 | 109.03 | OK | |||
r-devel-linux-x86_64-fedora-gcc | 1.6.0 | 100.52 | OK | |||
r-devel-windows-x86_64 | 1.6.0 | 8.00 | 78.00 | 86.00 | OK | |
r-patched-linux-x86_64 | 1.6.0 | 6.03 | 56.78 | 62.81 | NOTE | |
r-release-linux-x86_64 | 1.6.0 | 5.37 | 56.59 | 61.96 | NOTE | |
r-release-macos-arm64 | 1.6.0 | 33.00 | NOTE | |||
r-release-macos-x86_64 | 1.6.0 | 46.00 | NOTE | |||
r-release-windows-x86_64 | 1.6.0 | 9.00 | 81.00 | 90.00 | NOTE | |
r-oldrel-macos-arm64 | 1.6.0 | 32.00 | NOTE | |||
r-oldrel-macos-x86_64 | 1.6.0 | 51.00 | NOTE | |||
r-oldrel-windows-x86_64 | 1.6.0 | 8.00 | 87.00 | 95.00 | NOTE |
Version: 1.6.0
Check: LazyData
Result: NOTE
'LazyData' is specified without a 'data' directory
Flavors: r-patched-linux-x86_64, r-release-linux-x86_64, r-release-macos-arm64, r-release-macos-x86_64, r-release-windows-x86_64, r-oldrel-macos-arm64, r-oldrel-macos-x86_64, r-oldrel-windows-x86_64