Last updated on 2023-01-31 21:51:39 CET.
Flavor | Version | Tinstall | Tcheck | Ttotal | Status | Flags |
---|---|---|---|---|---|---|
r-devel-linux-x86_64-debian-clang | 1.4 | 68.65 | 33.13 | 101.78 | NOTE | |
r-devel-linux-x86_64-debian-gcc | 1.4 | 51.20 | 26.90 | 78.10 | NOTE | |
r-devel-linux-x86_64-fedora-clang | 1.4 | 144.01 | NOTE | |||
r-devel-linux-x86_64-fedora-gcc | 1.4 | 146.63 | NOTE | |||
r-devel-windows-x86_64 | 1.4 | 70.00 | 90.00 | 160.00 | NOTE | |
r-patched-linux-x86_64 | 1.4 | 62.86 | 32.25 | 95.11 | OK | |
r-release-linux-x86_64 | 1.4 | 65.51 | 24.58 | 90.09 | OK | |
r-release-macos-arm64 | 1.4 | 41.00 | OK | |||
r-release-macos-x86_64 | 1.4 | 51.00 | OK | |||
r-release-windows-x86_64 | 1.4 | 216.00 | 88.00 | 304.00 | OK | |
r-oldrel-macos-arm64 | 1.3 | 42.00 | OK | |||
r-oldrel-macos-x86_64 | 1.3 | 65.00 | OK | |||
r-oldrel-windows-ix86+x86_64 | 1.3 | 140.00 | 85.00 | 225.00 | OK |
Version: 1.4
Check: C++ specification
Result: NOTE
Specified C++14: please update to current default of C++17
Flavors: r-devel-linux-x86_64-debian-clang, r-devel-linux-x86_64-debian-gcc, r-devel-linux-x86_64-fedora-clang, r-devel-linux-x86_64-fedora-gcc, r-devel-windows-x86_64