Last updated on 2023-05-30 06:57:33 CEST.
Flavor | Version | Tinstall | Tcheck | Ttotal | Status | Flags |
---|---|---|---|---|---|---|
r-devel-linux-x86_64-debian-clang | 0.2.7 | 9.95 | 39.45 | 49.40 | NOTE | |
r-devel-linux-x86_64-debian-gcc | 0.2.7 | 6.57 | 31.02 | 37.59 | NOTE | |
r-devel-linux-x86_64-fedora-clang | 0.2.7 | 72.37 | NOTE | |||
r-devel-linux-x86_64-fedora-gcc | 0.2.7 | 78.17 | NOTE | |||
r-devel-windows-x86_64 | 0.2.7 | 15.00 | 71.00 | 86.00 | NOTE | |
r-patched-linux-x86_64 | 0.2.7 | 9.65 | 37.89 | 47.54 | NOTE | |
r-release-linux-x86_64 | 0.2.7 | 7.96 | 38.27 | 46.23 | NOTE | |
r-release-macos-arm64 | 0.2.7 | 35.00 | NOTE | |||
r-release-macos-x86_64 | 0.2.7 | 52.00 | NOTE | |||
r-release-windows-x86_64 | 0.2.7 | 16.00 | 87.00 | 103.00 | NOTE | |
r-oldrel-macos-arm64 | 0.2.7 | 64.00 | OK | |||
r-oldrel-macos-x86_64 | 0.2.7 | 78.00 | OK | |||
r-oldrel-windows-x86_64 | 0.2.7 | 16.00 | 82.00 | 98.00 | OK |
Version: 0.2.7
Check: C++ specification
Result: NOTE
Specified C++11: please drop specification unless essential
Flavors: r-devel-linux-x86_64-debian-clang, r-devel-linux-x86_64-debian-gcc, r-devel-linux-x86_64-fedora-clang, r-devel-linux-x86_64-fedora-gcc, r-devel-windows-x86_64, r-patched-linux-x86_64, r-release-linux-x86_64, r-release-macos-arm64, r-release-macos-x86_64, r-release-windows-x86_64