CRAN Package Check Results for Package islasso

Last updated on 2023-01-29 12:55:32 CET.

Flavor Version Tinstall Tcheck Ttotal Status Flags
r-devel-linux-x86_64-debian-clang 1.4.3 14.74 285.91 300.65 WARN
r-devel-linux-x86_64-debian-gcc 1.4.3 13.37 220.05 233.42 WARN
r-devel-linux-x86_64-fedora-clang 1.4.3 363.67 WARN
r-devel-linux-x86_64-fedora-gcc 1.4.3 368.77 WARN
r-devel-windows-x86_64 1.4.3 104.00 329.00 433.00 OK
r-patched-linux-x86_64 1.4.3 19.35 291.50 310.85 OK
r-release-linux-x86_64 1.4.3 13.27 293.07 306.34 OK
r-release-macos-arm64 1.4.3 153.00 OK
r-release-macos-x86_64 1.4.3 158.00 OK
r-release-windows-x86_64 1.4.3 109.00 342.00 451.00 OK
r-oldrel-macos-arm64 1.4.3 153.00 OK
r-oldrel-macos-x86_64 1.4.3 139.00 OK
r-oldrel-windows-ix86+x86_64 1.4.3 38.00 372.00 410.00 OK

Check Details

Version: 1.4.3
Check: whether package can be installed
Result: WARN
    Found the following significant warnings:
     trace_islasso.c:39:31: warning: a function declaration without a prototype is deprecated in all versions of C [-Wstrict-prototypes]
    See ‘/home/hornik/tmp/R.check/r-devel-clang/Work/PKGS/islasso.Rcheck/00install.out’ for details.
    * used C compiler: ‘Debian clang version 15.0.6’
    * used Fortran compiler: ‘GNU Fortran (Debian 12.2.0-14) 12.2.0’
Flavor: r-devel-linux-x86_64-debian-clang

Version: 1.4.3
Check: whether package can be installed
Result: WARN
    Found the following significant warnings:
     trace_islasso.c:39:14: warning: function declaration isn’t a prototype [-Wstrict-prototypes]
    See ‘/home/hornik/tmp/R.check/r-devel-gcc/Work/PKGS/islasso.Rcheck/00install.out’ for details.
    * used C compiler: ‘gcc-12 (Debian 12.2.0-14) 12.2.0’
    * used Fortran compiler: ‘GNU Fortran (Debian 12.2.0-14) 12.2.0’
Flavor: r-devel-linux-x86_64-debian-gcc

Version: 1.4.3
Check: whether package can be installed
Result: WARN
    Found the following significant warnings:
     trace_islasso.c:39:31: warning: a function declaration without a prototype is deprecated in all versions of C [-Wstrict-prototypes]
    See ‘/data/gannet/ripley/R/packages/tests-clang/islasso.Rcheck/00install.out’ for details.
    * used C compiler: ‘clang version 15.0.6’
    * used Fortran compiler: ‘GNU Fortran (GCC) 12.2.1 20221121 (Red Hat 12.2.1-4)’
Flavor: r-devel-linux-x86_64-fedora-clang

Version: 1.4.3
Check: whether package can be installed
Result: WARN
    Found the following significant warnings:
     trace_islasso.c:39:14: warning: function declaration isn’t a prototype [-Wstrict-prototypes]
    See ‘/data/gannet/ripley/R/packages/tests-devel/islasso.Rcheck/00install.out’ for details.
    * used C compiler: ‘gcc (GCC) 12.2.1 20221121 (Red Hat 12.2.1-4)’
    * used Fortran compiler: ‘GNU Fortran (GCC) 12.2.1 20221121 (Red Hat 12.2.1-4)’
Flavor: r-devel-linux-x86_64-fedora-gcc