CRAN Package Check Results for Package iq

Last updated on 2021-11-26 19:52:53 CET.

Flavor Version Tinstall Tcheck Ttotal Status Flags
r-devel-linux-x86_64-debian-clang 1.9.1 19.95 31.99 51.94 OK
r-devel-linux-x86_64-debian-gcc 1.9.1 14.68 25.46 40.14 OK
r-devel-linux-x86_64-fedora-clang 1.9.1 77.54 NOTE
r-devel-linux-x86_64-fedora-gcc 1.9.1 64.94 OK
r-devel-windows-x86_64-new-UL 1.9.1 30.00 94.00 124.00 OK
r-devel-windows-x86_64-new-TK 1.9.1 OK
r-devel-windows-x86_64-old 1.9.1 16.00 62.00 78.00 OK
r-patched-linux-x86_64 1.9.1 16.80 31.79 48.59 OK
r-patched-solaris-x86 1.9.1 110.10 OK
r-release-linux-x86_64 1.9.1 OK
r-release-macos-arm64 1.9.1 NOTE
r-release-macos-x86_64 1.9.1 NOTE
r-release-windows-ix86+x86_64 1.9.1 40.00 51.00 91.00 OK
r-oldrel-macos-x86_64 1.9.1 NOTE
r-oldrel-windows-ix86+x86_64 1.9.1 28.00 70.00 98.00 OK

Check Details

Version: 1.9.1
Check: installed package size
Result: NOTE
     installed size is 6.2Mb
     sub-directories of 1Mb or more:
     libs 5.6Mb
Flavors: r-devel-linux-x86_64-fedora-clang, r-release-macos-arm64, r-release-macos-x86_64, r-oldrel-macos-x86_64