CRAN Package Check Results for Package ipaddress

Last updated on 2021-07-29 01:49:22 CEST.

Flavor Version Tinstall Tcheck Ttotal Status Flags
r-devel-linux-x86_64-debian-clang 0.5.3 NOTE
r-devel-linux-x86_64-debian-gcc 0.5.3 100.45 40.09 140.54 NOTE
r-devel-linux-x86_64-fedora-clang 0.5.3 306.03 NOTE
r-devel-linux-x86_64-fedora-gcc 0.5.3 272.09 OK
r-devel-windows-x86_64 0.5.2 134.00 85.00 219.00 OK
r-devel-windows-x86_64-gcc10-UCRT 0.5.2 OK
r-patched-linux-x86_64 0.5.2 123.55 49.69 173.24 OK
r-patched-solaris-x86 0.5.3 230.50 OK
r-release-linux-x86_64 0.5.2 111.90 49.57 161.47 OK
r-release-macos-arm64 0.5.2 NOTE
r-release-macos-x86_64 0.5.3 NOTE
r-release-windows-ix86+x86_64 0.5.2 355.00 119.00 474.00 OK
r-oldrel-macos-x86_64 0.5.3 NOTE
r-oldrel-windows-ix86+x86_64 0.5.3 265.00 87.00 352.00 OK

Check Details

Version: 0.5.3
Check: package dependencies
Result: NOTE
    Package suggested but not available for checking: 'fuzzyjoin'
Flavors: r-devel-linux-x86_64-debian-clang, r-devel-linux-x86_64-debian-gcc

Version: 0.5.3
Check: installed package size
Result: NOTE
     installed size is 8.0Mb
     sub-directories of 1Mb or more:
     libs 7.6Mb
Flavors: r-devel-linux-x86_64-fedora-clang, r-release-macos-x86_64, r-oldrel-macos-x86_64

Version: 0.5.2
Check: installed package size
Result: NOTE
     installed size is 7.8Mb
     sub-directories of 1Mb or more:
     libs 7.3Mb
Flavor: r-release-macos-arm64