CRAN Package Check Results for Package ip2proxy

Last updated on 2021-08-02 22:54:33 CEST.

Flavor Version Tinstall Tcheck Ttotal Status Flags
r-devel-linux-x86_64-debian-clang 1.0.1 6.98 62.20 69.18 OK
r-devel-linux-x86_64-debian-gcc 1.0.1 5.88 48.62 54.50 OK
r-devel-linux-x86_64-fedora-clang 1.0.1 92.06 NOTE
r-devel-linux-x86_64-fedora-gcc 1.0.1 81.20 NOTE
r-devel-windows-x86_64 1.0.1 8.00 81.00 89.00 OK
r-devel-windows-x86_64-gcc10-UCRT 1.0.1 NOTE
r-patched-linux-x86_64 1.0.1 OK
r-patched-solaris-x86 1.0.1 121.30 NOTE
r-release-linux-x86_64 1.0.1 7.78 60.26 68.04 OK
r-release-macos-arm64 1.0.1 NOTE
r-release-macos-x86_64 1.0.1 NOTE
r-release-windows-ix86+x86_64 1.0.1 17.00 84.00 101.00 OK
r-oldrel-macos-x86_64 1.0.1 NOTE
r-oldrel-windows-ix86+x86_64 1.0.1 12.00 80.00 92.00 OK

Check Details

Version: 1.0.1
Check: dependencies in R code
Result: NOTE
    Namespace in Imports field not imported from: ‘stringr’
     All declared Imports should be used.
Flavors: r-devel-linux-x86_64-fedora-clang, r-devel-linux-x86_64-fedora-gcc, r-devel-windows-x86_64-gcc10-UCRT, r-patched-solaris-x86, r-release-macos-arm64, r-release-macos-x86_64, r-oldrel-macos-x86_64