CRAN Package Check Results for Package ip2location

Last updated on 2021-08-01 07:51:50 CEST.

Flavor Version Tinstall Tcheck Ttotal Status Flags
r-devel-linux-x86_64-debian-clang 8.0.1 7.36 60.80 68.16 OK
r-devel-linux-x86_64-debian-gcc 8.0.1 5.98 47.43 53.41 OK
r-devel-linux-x86_64-fedora-clang 8.0.1 90.34 NOTE
r-devel-linux-x86_64-fedora-gcc 8.0.1 78.72 NOTE
r-devel-windows-x86_64 8.0.1 8.00 80.00 88.00 OK
r-devel-windows-x86_64-gcc10-UCRT 8.0.1 NOTE
r-patched-linux-x86_64 8.0.1 OK
r-patched-solaris-x86 8.0.1 118.20 NOTE
r-release-linux-x86_64 8.0.1 6.73 58.36 65.09 OK
r-release-macos-arm64 8.0.1 NOTE
r-release-macos-x86_64 8.0.1 NOTE
r-release-windows-ix86+x86_64 8.0.1 16.00 82.00 98.00 OK
r-oldrel-macos-x86_64 8.0.1 NOTE
r-oldrel-windows-ix86+x86_64 8.0.1 12.00 80.00 92.00 OK

Check Details

Version: 8.0.1
Check: dependencies in R code
Result: NOTE
    Namespace in Imports field not imported from: ‘stringr’
     All declared Imports should be used.
Flavors: r-devel-linux-x86_64-fedora-clang, r-devel-linux-x86_64-fedora-gcc, r-devel-windows-x86_64-gcc10-UCRT, r-patched-solaris-x86, r-release-macos-arm64, r-release-macos-x86_64, r-oldrel-macos-x86_64