CRAN Package Check Results for Package iotools

Last updated on 2024-06-18 12:55:56 CEST.

Flavor Version Tinstall Tcheck Ttotal Status Flags
r-devel-linux-x86_64-debian-clang 0.3-5 5.36 33.45 38.81 NOTE
r-devel-linux-x86_64-debian-gcc 0.3-5 5.76 25.54 31.30 NOTE
r-devel-linux-x86_64-fedora-clang 0.3-5 51.27 NOTE
r-devel-linux-x86_64-fedora-gcc 0.3-5 48.80 NOTE
r-devel-windows-x86_64 0.3-5 10.00 60.00 70.00 NOTE
r-patched-linux-x86_64 0.3-5 7.44 32.32 39.76 NOTE
r-release-linux-x86_64 0.3-5 7.39 31.54 38.93 NOTE
r-release-macos-arm64 0.3-5 22.00 NOTE
r-release-macos-x86_64 0.3-5 31.00 NOTE
r-release-windows-x86_64 0.3-5 11.00 61.00 72.00 NOTE
r-oldrel-macos-arm64 0.3-5 28.00 NOTE
r-oldrel-macos-x86_64 0.3-5 54.00 NOTE
r-oldrel-windows-x86_64 0.3-5 16.00 62.00 78.00 NOTE

Check Details

Version: 0.3-5
Check: compiled code
Result: NOTE File ‘iotools/libs/iotools.so’: Found non-API calls to R: ‘R_GetConnection’, ‘R_ReadConnection’, ‘R_WriteConnection’, ‘Rf_StringFalse’, ‘Rf_StringTrue’, ‘Rf_isBlankString’, ‘SETLENGTH’, ‘SET_NAMED’ Compiled code should not call non-API entry points in R. See ‘Writing portable packages’ in the ‘Writing R Extensions’ manual. Flavor: r-devel-linux-x86_64-debian-clang

Version: 0.3-5
Check: compiled code
Result: NOTE File ‘iotools/libs/iotools.so’: Found non-API calls to R: ‘NAMED’, ‘R_GetConnection’, ‘R_ReadConnection’, ‘R_WriteConnection’, ‘Rf_StringFalse’, ‘Rf_StringTrue’, ‘Rf_isBlankString’, ‘SETLENGTH’, ‘SET_NAMED’ Compiled code should not call non-API entry points in R. See ‘Writing portable packages’ in the ‘Writing R Extensions’ manual. Flavor: r-devel-linux-x86_64-debian-gcc

Version: 0.3-5
Check: compiled code
Result: NOTE File ‘iotools/libs/iotools.so’: Found non-API calls to R: ‘NAMED’, ‘R_GetConnection’, ‘R_ReadConnection’, ‘R_WriteConnection’, ‘Rf_StringFalse’, ‘Rf_StringTrue’, ‘Rf_isBlankString’, ‘SETLENGTH’, ‘SET_NAMED’ File ‘iotools/libs/iotools.so’: Found no calls to: ‘R_registerRoutines’, ‘R_useDynamicSymbols’ Compiled code should not call non-API entry points in R. It is good practice to register native routines and to disable symbol search. See ‘Writing portable packages’ in the ‘Writing R Extensions’ manual. Flavors: r-devel-linux-x86_64-fedora-clang, r-devel-linux-x86_64-fedora-gcc

Version: 0.3-5
Check: compiled code
Result: NOTE File 'iotools/libs/x64/iotools.dll': Found non-API calls to R: 'NAMED', 'R_GetConnection', 'R_ReadConnection', 'R_WriteConnection', 'Rf_StringFalse', 'Rf_StringTrue', 'Rf_isBlankString', 'SETLENGTH', 'SET_NAMED' Compiled code should not call non-API entry points in R. See 'Writing portable packages' in the 'Writing R Extensions' manual. Flavor: r-devel-windows-x86_64

Version: 0.3-5
Check: compiled code
Result: NOTE File ‘iotools/libs/iotools.so’: Found non-API calls to R: ‘R_GetConnection’, ‘R_ReadConnection’, ‘R_WriteConnection’, ‘Rf_StringFalse’, ‘Rf_StringTrue’, ‘Rf_isBlankString’ Compiled code should not call non-API entry points in R. See ‘Writing portable packages’ in the ‘Writing R Extensions’ manual. Flavors: r-patched-linux-x86_64, r-release-linux-x86_64

Version: 0.3-5
Check: compiled code
Result: NOTE File ‘iotools/libs/iotools.so’: Found non-API calls to R: ‘R_GetConnection’, ‘R_ReadConnection’, ‘R_WriteConnection’ Compiled code should not call non-API entry points in R. See ‘Writing portable packages’ in the ‘Writing R Extensions’ manual. Flavors: r-release-macos-arm64, r-release-macos-x86_64, r-oldrel-macos-arm64, r-oldrel-macos-x86_64

Version: 0.3-5
Check: compiled code
Result: NOTE File 'iotools/libs/x64/iotools.dll': Found non-API calls to R: 'R_GetConnection', 'R_ReadConnection', 'R_WriteConnection' Compiled code should not call non-API entry points in R. See 'Writing portable packages' in the 'Writing R Extensions' manual. Flavors: r-release-windows-x86_64, r-oldrel-windows-x86_64