CRAN Package Check Results for Package intsurv

Last updated on 2021-11-26 19:52:53 CET.

Flavor Version Tinstall Tcheck Ttotal Status Flags
r-devel-linux-x86_64-debian-clang 0.2.2 207.62 54.13 261.75 NOTE
r-devel-linux-x86_64-debian-gcc 0.2.2 153.08 41.62 194.70 NOTE
r-devel-linux-x86_64-fedora-clang 0.2.2 415.95 NOTE
r-devel-linux-x86_64-fedora-gcc 0.2.2 377.27 NOTE
r-devel-windows-x86_64-new-UL 0.2.2 253.00 133.00 386.00 NOTE
r-devel-windows-x86_64-new-TK 0.2.2 NOTE
r-devel-windows-x86_64-old 0.2.2 177.00 93.00 270.00 NOTE
r-patched-linux-x86_64 0.2.2 189.45 52.55 242.00 NOTE
r-patched-solaris-x86 0.2.2 303.40 NOTE
r-release-linux-x86_64 0.2.2 NOTE
r-release-macos-arm64 0.2.2 NOTE
r-release-macos-x86_64 0.2.2 NOTE
r-release-windows-ix86+x86_64 0.2.2 483.00 98.00 581.00 NOTE
r-oldrel-macos-x86_64 0.2.2 NOTE
r-oldrel-windows-ix86+x86_64 0.2.2 344.00 126.00 470.00 OK

Check Details

Version: 0.2.2
Check: LazyData
Result: NOTE
     'LazyData' is specified without a 'data' directory
Flavors: r-devel-linux-x86_64-debian-clang, r-devel-linux-x86_64-debian-gcc, r-devel-linux-x86_64-fedora-clang, r-devel-linux-x86_64-fedora-gcc, r-devel-windows-x86_64-new-UL, r-devel-windows-x86_64-new-TK, r-devel-windows-x86_64-old, r-patched-linux-x86_64, r-patched-solaris-x86, r-release-linux-x86_64, r-release-macos-arm64, r-release-macos-x86_64, r-release-windows-ix86+x86_64

Version: 0.2.2
Check: installed package size
Result: NOTE
     installed size is 13.1Mb
     sub-directories of 1Mb or more:
     libs 12.4Mb
Flavors: r-devel-linux-x86_64-fedora-clang, r-release-macos-arm64, r-release-macos-x86_64, r-oldrel-macos-x86_64