CRAN Package Check Results for Package intkrige

Last updated on 2024-02-25 21:49:36 CET.

Flavor Version Tinstall Tcheck Ttotal Status Flags
r-devel-linux-x86_64-debian-clang 1.0.1 89.44 442.46 531.90 NOTE
r-devel-linux-x86_64-debian-gcc 1.0.1 77.57 349.71 427.28 NOTE
r-devel-linux-x86_64-fedora-clang 1.0.1 662.01 NOTE
r-devel-linux-x86_64-fedora-gcc 1.0.1 689.09 NOTE
r-devel-windows-x86_64 1.0.1 69.00 329.00 398.00 NOTE
r-patched-linux-x86_64 1.0.1 89.34 444.31 533.65 NOTE
r-release-linux-x86_64 1.0.1 90.84 443.02 533.86 NOTE
r-release-macos-arm64 1.0.1 189.00 NOTE
r-release-macos-x86_64 1.0.1 366.00 NOTE
r-release-windows-x86_64 1.0.1 92.00 440.00 532.00 NOTE
r-oldrel-macos-arm64 1.0.1 152.00 OK
r-oldrel-windows-x86_64 1.0.1 89.00 423.00 512.00 OK

Check Details

Version: 1.0.1
Check: C++ specification
Result: NOTE Specified C++11: please drop specification unless essential Flavors: r-devel-linux-x86_64-debian-clang, r-devel-linux-x86_64-debian-gcc, r-devel-linux-x86_64-fedora-clang, r-devel-linux-x86_64-fedora-gcc, r-devel-windows-x86_64, r-patched-linux-x86_64, r-release-linux-x86_64, r-release-macos-arm64, r-release-macos-x86_64, r-release-windows-x86_64