CRAN Package Check Results for Package interpretCI

Last updated on 2022-10-05 06:51:23 CEST.

Flavor Version Tinstall Tcheck Ttotal Status Flags
r-devel-linux-x86_64-debian-clang 0.1.1 11.98 166.83 178.81 OK
r-devel-linux-x86_64-debian-gcc 0.1.1 8.68 122.52 131.20 OK
r-devel-linux-x86_64-fedora-clang 0.1.1 234.02 NOTE
r-devel-linux-x86_64-fedora-gcc 0.1.1 222.98 NOTE
r-devel-windows-x86_64 0.1.1 47.00 230.00 277.00 OK
r-patched-linux-x86_64 0.1.1 11.94 156.71 168.65 OK
r-release-linux-x86_64 0.1.1 10.73 155.34 166.07 OK
r-release-macos-arm64 0.1.1 66.00 NOTE
r-release-macos-x86_64 0.1.1 140.00 NOTE
r-release-windows-x86_64 0.1.1 94.00 226.00 320.00 OK
r-oldrel-macos-arm64 0.1.1 72.00 NOTE
r-oldrel-macos-x86_64 0.1.1 103.00 NOTE
r-oldrel-windows-ix86+x86_64 0.1.1 28.00 226.00 254.00 OK

Check Details

Version: 0.1.1
Check: dependencies in R code
Result: NOTE
    Namespace in Imports field not imported from: ‘moonBook’
     All declared Imports should be used.
Flavors: r-devel-linux-x86_64-fedora-clang, r-devel-linux-x86_64-fedora-gcc, r-release-macos-arm64, r-release-macos-x86_64, r-oldrel-macos-arm64, r-oldrel-macos-x86_64