CRAN Package Check Results for Package interleave

Last updated on 2022-06-26 12:54:49 CEST.

Flavor Version Tinstall Tcheck Ttotal Status Flags
r-devel-linux-x86_64-debian-clang 0.1.1 30.51 28.15 58.66 NOTE
r-devel-linux-x86_64-debian-gcc 0.1.1 29.55 21.73 51.28 NOTE
r-devel-linux-x86_64-fedora-clang 0.1.1 103.82 NOTE
r-devel-linux-x86_64-fedora-gcc 0.1.1 95.78 NOTE
r-devel-windows-x86_64 0.1.1 44.00 71.00 115.00 NOTE
r-patched-linux-x86_64 0.1.1 31.95 26.87 58.82 NOTE
r-release-linux-x86_64 0.1.1 32.41 27.36 59.77 NOTE
r-release-macos-arm64 0.1.1 28.00 NOTE
r-release-macos-x86_64 0.1.1 38.00 NOTE
r-release-windows-x86_64 0.1.1 50.00 75.00 125.00 NOTE
r-oldrel-macos-arm64 0.1.1 31.00 NOTE
r-oldrel-macos-x86_64 0.1.1 53.00 NOTE
r-oldrel-windows-ix86+x86_64 0.1.1 87.00 72.00 159.00 NOTE

Check Details

Version: 0.1.1
Check: LazyData
Result: NOTE
     'LazyData' is specified without a 'data' directory
Flavors: r-devel-linux-x86_64-debian-clang, r-devel-linux-x86_64-debian-gcc, r-devel-linux-x86_64-fedora-clang, r-devel-linux-x86_64-fedora-gcc, r-devel-windows-x86_64, r-patched-linux-x86_64, r-release-linux-x86_64, r-release-macos-arm64, r-release-macos-x86_64, r-release-windows-x86_64, r-oldrel-macos-arm64, r-oldrel-macos-x86_64, r-oldrel-windows-ix86+x86_64