CRAN Package Check Results for Package intensity.analysis

Last updated on 2022-10-06 18:49:52 CEST.

Flavor Version Tinstall Tcheck Ttotal Status Flags
r-devel-linux-x86_64-debian-clang 0.1.6 30.78 346.56 377.34 NOTE
r-devel-linux-x86_64-debian-gcc 0.1.6 25.24 245.25 270.49 NOTE
r-devel-linux-x86_64-fedora-clang 0.1.6 456.12 NOTE
r-devel-linux-x86_64-fedora-gcc 0.1.6 446.55 NOTE
r-devel-windows-x86_64 0.1.6 50.00 326.00 376.00 NOTE
r-patched-linux-x86_64 0.1.6 29.97 249.84 279.81 NOTE
r-release-linux-x86_64 0.1.6 32.41 319.83 352.24 NOTE
r-release-macos-arm64 0.1.6 93.00 NOTE
r-release-macos-x86_64 0.1.6 166.00 NOTE
r-release-windows-x86_64 0.1.6 80.00 324.00 404.00 NOTE
r-oldrel-macos-arm64 0.1.6 78.00 NOTE
r-oldrel-macos-x86_64 0.1.6 81.00 NOTE
r-oldrel-windows-ix86+x86_64 0.1.6 70.00 325.00 395.00 NOTE

Check Details

Version: 0.1.6
Check: LazyData
Result: NOTE
     'LazyData' is specified without a 'data' directory
Flavors: r-devel-linux-x86_64-debian-clang, r-devel-linux-x86_64-debian-gcc, r-devel-linux-x86_64-fedora-clang, r-devel-linux-x86_64-fedora-gcc, r-devel-windows-x86_64, r-patched-linux-x86_64, r-release-linux-x86_64, r-release-macos-arm64, r-release-macos-x86_64, r-release-windows-x86_64, r-oldrel-macos-arm64, r-oldrel-macos-x86_64, r-oldrel-windows-ix86+x86_64

Version: 0.1.6
Check: dependencies in R code
Result: NOTE
    Namespace in Imports field not imported from: ‘grDevices’
     All declared Imports should be used.
Flavors: r-devel-linux-x86_64-fedora-clang, r-devel-linux-x86_64-fedora-gcc, r-release-macos-arm64, r-release-macos-x86_64, r-oldrel-macos-arm64, r-oldrel-macos-x86_64