CRAN Package Check Results for Package insuranceData

Last updated on 2023-02-08 18:51:22 CET.

Flavor Version Tinstall Tcheck Ttotal Status Flags
r-devel-linux-x86_64-debian-clang 1.0 1.95 11.50 13.45 NOTE
r-devel-linux-x86_64-debian-gcc 1.0 1.41 15.40 16.81 NOTE
r-devel-linux-x86_64-fedora-clang 1.0 26.44 NOTE
r-devel-linux-x86_64-fedora-gcc 1.0 26.40 NOTE
r-devel-windows-x86_64 1.0 8.00 51.00 59.00 NOTE
r-patched-linux-x86_64 1.0 1.85 19.53 21.38 NOTE
r-release-linux-x86_64 1.0 1.59 11.08 12.67 NOTE
r-release-macos-arm64 1.0 14.00 NOTE
r-release-macos-x86_64 1.0 20.00 NOTE
r-release-windows-x86_64 1.0 5.00 42.00 47.00 NOTE
r-oldrel-macos-arm64 1.0 15.00 NOTE
r-oldrel-macos-x86_64 1.0 24.00 NOTE
r-oldrel-windows-ix86+x86_64 1.0 4.00 29.00 33.00 NOTE

Check Details

Version: 1.0
Check: DESCRIPTION meta-information
Result: NOTE
    Malformed Title field: should not end in a period.
Flavors: r-devel-linux-x86_64-debian-clang, r-devel-linux-x86_64-debian-gcc, r-devel-linux-x86_64-fedora-clang, r-devel-linux-x86_64-fedora-gcc, r-devel-windows-x86_64, r-patched-linux-x86_64, r-release-linux-x86_64, r-release-macos-arm64, r-release-macos-x86_64, r-release-windows-x86_64, r-oldrel-macos-arm64, r-oldrel-macos-x86_64, r-oldrel-windows-ix86+x86_64