CRAN Package Check Results for Package inldata

Last updated on 2021-06-20 13:48:59 CEST.

Flavor Version Tinstall Tcheck Ttotal Status Flags
r-devel-linux-x86_64-debian-clang 1.0.3 16.75 53.32 70.07 OK
r-devel-linux-x86_64-debian-gcc 1.0.3 15.85 0.51 16.36 FAIL
r-devel-linux-x86_64-fedora-clang 1.0.3 91.66 NOTE
r-devel-linux-x86_64-fedora-gcc 1.0.3 81.21 NOTE
r-devel-windows-x86_64 1.0.3 24.00 89.00 113.00 OK
r-devel-windows-x86_64-gcc10-UCRT 1.0.3 NOTE
r-patched-linux-x86_64 1.0.3 15.44 51.76 67.20 OK
r-patched-solaris-x86 1.0.3 128.90 NOTE
r-release-linux-x86_64 1.0.3 18.69 51.90 70.59 OK
r-release-macos-arm64 1.0.3 ERROR
r-release-macos-x86_64 1.0.3 NOTE
r-release-windows-ix86+x86_64 1.0.3 24.00 90.00 114.00 OK
r-oldrel-macos-x86_64 1.0.3 NOTE
r-oldrel-windows-ix86+x86_64 1.0.3 20.00 92.00 112.00 OK

Check Details

Version: 1.0.3
Check: package dependencies
Result: FAIL
Flavor: r-devel-linux-x86_64-debian-gcc

Version: 1.0.3
Check: dependencies in R code
Result: NOTE
    Namespaces in Imports field not imported from:
     ‘raster’ ‘sp’
     All declared Imports should be used.
Flavors: r-devel-linux-x86_64-fedora-clang, r-devel-linux-x86_64-fedora-gcc, r-devel-windows-x86_64-gcc10-UCRT, r-patched-solaris-x86, r-release-macos-arm64, r-release-macos-x86_64, r-oldrel-macos-x86_64

Version: 1.0.3
Check: package dependencies
Result: NOTE
    Package suggested but not available for checking: 'dataRetrieval'
Flavor: r-devel-windows-x86_64-gcc10-UCRT

Version: 1.0.3
Check: package dependencies
Result: NOTE
    Packages suggested but not available for checking: 'inlmisc', 'rgdal'
Flavor: r-release-macos-arm64

Version: 1.0.3
Check: examples
Result: ERROR
    Running examples in ‘inldata-Ex.R’ failed
    The error most likely occurred in:
    
    > ### Name: cities
    > ### Title: Cities and Towns
    > ### Aliases: cities
    > ### Keywords: datasets
    >
    > ### ** Examples
    >
    > inlmisc::PlotMap(cities, dms.tick = TRUE)
    Error in loadNamespace(x) : there is no package called ‘inlmisc’
    Calls: loadNamespace -> withRestarts -> withOneRestart -> doWithOneRestart
    Execution halted
Flavor: r-release-macos-arm64