CRAN Package Check Results for Package informedSen

Last updated on 2022-12-04 00:51:31 CET.

Flavor Version Tinstall Tcheck Ttotal Status Flags
r-devel-linux-x86_64-debian-clang 1.0.7 1.71 24.03 25.74 NOTE
r-devel-linux-x86_64-debian-gcc 1.0.7 1.75 18.86 20.61 NOTE
r-devel-linux-x86_64-fedora-clang 1.0.7 43.23 NOTE
r-devel-linux-x86_64-fedora-gcc 1.0.7 44.10 NOTE
r-devel-windows-x86_64 1.0.7 10.00 53.00 63.00 NOTE
r-patched-linux-x86_64 1.0.7 2.70 23.84 26.54 NOTE
r-release-linux-x86_64 1.0.7 2.34 23.18 25.52 NOTE
r-release-macos-arm64 1.0.7 17.00 NOTE
r-release-macos-x86_64 1.0.7 21.00 NOTE
r-release-windows-x86_64 1.0.7 6.00 46.00 52.00 NOTE
r-oldrel-macos-arm64 1.0.7 17.00 NOTE
r-oldrel-macos-x86_64 1.0.7 23.00 NOTE
r-oldrel-windows-ix86+x86_64 1.0.7 5.00 29.00 34.00 NOTE

Check Details

Version: 1.0.7
Check: package dependencies
Result: NOTE
    Package which this enhances but not available for checking: 'gurobi'
Flavors: r-devel-linux-x86_64-debian-clang, r-devel-linux-x86_64-debian-gcc, r-devel-linux-x86_64-fedora-clang, r-devel-linux-x86_64-fedora-gcc, r-devel-windows-x86_64, r-patched-linux-x86_64, r-release-linux-x86_64, r-release-macos-arm64, r-release-macos-x86_64, r-release-windows-x86_64, r-oldrel-macos-arm64, r-oldrel-macos-x86_64, r-oldrel-windows-ix86+x86_64