CRAN Package Check Results for Package incR

Last updated on 2022-09-28 12:55:19 CEST.

Flavor Version Tinstall Tcheck Ttotal Status Flags
r-devel-linux-x86_64-debian-clang 1.1.0 3.37 45.51 48.88 OK
r-devel-linux-x86_64-debian-gcc 1.1.0 2.61 34.49 37.10 OK
r-devel-linux-x86_64-fedora-clang 1.1.0 70.39 NOTE
r-devel-linux-x86_64-fedora-gcc 1.1.0 67.01 NOTE
r-devel-windows-x86_64 1.1.0 11.00 83.00 94.00 OK
r-patched-linux-x86_64 1.1.0 8.20 40.98 49.18 OK
r-release-linux-x86_64 1.1.0 3.35 42.52 45.87 OK
r-release-macos-arm64 1.1.0 25.00 NOTE
r-release-macos-x86_64 1.1.0 39.00 NOTE
r-release-windows-x86_64 1.1.0 13.00 82.00 95.00 OK
r-oldrel-macos-arm64 1.1.0 32.00 NOTE
r-oldrel-macos-x86_64 1.1.0 36.00 NOTE
r-oldrel-windows-ix86+x86_64 1.1.0 9.00 72.00 81.00 OK

Check Details

Version: 1.1.0
Check: dependencies in R code
Result: NOTE
    Namespaces in Imports field not imported from:
     ‘dplyr’ ‘rgeos’
     All declared Imports should be used.
Flavors: r-devel-linux-x86_64-fedora-clang, r-devel-linux-x86_64-fedora-gcc, r-release-macos-arm64, r-release-macos-x86_64, r-oldrel-macos-arm64, r-oldrel-macos-x86_64