CRAN Package Check Results for Package importinegi

Last updated on 2021-06-21 19:48:50 CEST.

Flavor Version Tinstall Tcheck Ttotal Status Flags
r-devel-linux-x86_64-debian-clang 1.1.3 3.49 29.51 33.00 NOTE
r-devel-linux-x86_64-debian-gcc 1.1.3 2.84 23.23 26.07 NOTE
r-devel-linux-x86_64-fedora-clang 1.1.3 49.66 NOTE
r-devel-linux-x86_64-fedora-gcc 1.1.3 39.22 NOTE
r-devel-windows-x86_64 1.1.3 6.00 37.00 43.00 NOTE
r-devel-windows-x86_64-gcc10-UCRT 1.1.3 NOTE
r-patched-linux-x86_64 1.1.3 2.94 28.53 31.47 NOTE
r-patched-solaris-x86 1.1.3 58.30 NOTE
r-release-linux-x86_64 1.1.3 2.58 29.01 31.59 NOTE
r-release-macos-arm64 1.1.3 NOTE
r-release-macos-x86_64 1.1.3 NOTE
r-release-windows-ix86+x86_64 1.1.3 8.00 46.00 54.00 NOTE
r-oldrel-macos-x86_64 1.1.3 NOTE

Check Details

Version: 1.1.3
Check: LazyData
Result: NOTE
     'LazyData' is specified without a 'data' directory
Flavors: r-devel-linux-x86_64-debian-clang, r-devel-linux-x86_64-debian-gcc, r-devel-linux-x86_64-fedora-clang, r-devel-linux-x86_64-fedora-gcc, r-devel-windows-x86_64, r-devel-windows-x86_64-gcc10-UCRT, r-patched-linux-x86_64, r-patched-solaris-x86, r-release-linux-x86_64, r-release-macos-arm64, r-release-macos-x86_64, r-release-windows-ix86+x86_64

Version: 1.1.3
Check: dependencies in R code
Result: NOTE
    Namespaces in Imports field not imported from:
     ‘data.table’ ‘dplyr’ ‘haven’
     All declared Imports should be used.
Flavors: r-devel-linux-x86_64-fedora-clang, r-devel-linux-x86_64-fedora-gcc, r-devel-windows-x86_64-gcc10-UCRT, r-patched-solaris-x86, r-release-macos-arm64, r-release-macos-x86_64, r-oldrel-macos-x86_64