Last updated on 2023-02-05 00:55:24 CET.
Flavor | Version | Tinstall | Tcheck | Ttotal | Status | Flags |
---|---|---|---|---|---|---|
r-devel-linux-x86_64-debian-clang | 2.3.0 | 9.36 | 66.12 | 75.48 | OK | |
r-devel-linux-x86_64-debian-gcc | 2.3.0 | 7.04 | 50.13 | 57.17 | OK | |
r-devel-linux-x86_64-fedora-clang | 2.3.0 | 88.94 | OK | |||
r-devel-linux-x86_64-fedora-gcc | 2.3.0 | 102.08 | OK | |||
r-devel-windows-x86_64 | 2.3.0 | 66.00 | 118.00 | 184.00 | OK | |
r-patched-linux-x86_64 | 2.3.0 | 8.23 | 59.03 | 67.26 | OK | |
r-release-linux-x86_64 | 2.3.0 | 7.04 | 57.79 | 64.83 | OK | |
r-release-macos-arm64 | 2.3.0 | 40.00 | NOTE | |||
r-release-macos-x86_64 | 2.3.0 | 44.00 | NOTE | |||
r-release-windows-x86_64 | 2.3.0 | 83.00 | 118.00 | 201.00 | OK | |
r-oldrel-macos-arm64 | 2.3.0 | 36.00 | NOTE | |||
r-oldrel-macos-x86_64 | 2.3.0 | 52.00 | NOTE | |||
r-oldrel-windows-ix86+x86_64 | 2.3.0 | 25.00 | 144.00 | 169.00 | OK |
Version: 2.3.0
Check: installed package size
Result: NOTE
installed size is 7.2Mb
sub-directories of 1Mb or more:
libs 5.3Mb
Flavors: r-release-macos-arm64, r-release-macos-x86_64, r-oldrel-macos-arm64, r-oldrel-macos-x86_64